{"id":7101,"date":"2025-11-18T09:47:56","date_gmt":"2025-11-18T09:47:56","guid":{"rendered":"https:\/\/rockkofertas.com.es\/index.php\/producto\/b0f95zhlb1-2\/"},"modified":"2025-11-18T09:47:56","modified_gmt":"2025-11-18T09:47:56","slug":"b0f95zhlb1-2","status":"publish","type":"product","link":"https:\/\/rockkofertas.com.es\/index.php\/producto\/b0f95zhlb1-2\/","title":{"rendered":"B0F95ZHLB1"},"content":{"rendered":"<p>&#8211; C\u00c1MARAS DE VIGILANCIA WIFI PARA EL HOGAR: Este cargador USB funcional incorpora una c\u00e1mara discreta integrada, sin luces ni sonidos durante su funcionamiento. Su lente se encuentra perfectamente integrada en el dise\u00f1o frontal, sin elementos visibles que interfieran con su uso como cargador. Gracias a su apariencia realista y formato compacto, se adapta de forma natural a cualquier entorno. Para una calidad de imagen \u00f3ptima, aseg\u00farese de retirar el film protector antes del primer uso. Se recomienda visualizar el video tutorial incluido en el anuncio.<br \/>\n&#8211; DETECCI\u00d3N DE MOVIMIENTO Y ALERTAS EN TIEMPO REAL: Esta c\u00e1mara compacta graba v\u00eddeo y audio en resoluci\u00f3n real 1920x1080p e incorpora funciones de detecci\u00f3n de movimiento y grabaci\u00f3n en bucle. Al detectar actividad, env\u00eda una notificaci\u00f3n de alerta directamente a su dispositivo m\u00f3vil mediante la app. Ideal para supervisar entornos del hogar u oficina cuando no se encuentra presente: mascotas, personas mayores, tareas del hogar o espacios privados.<br \/>\n&#8211; MODO GRABACI\u00d3N 24\/7 CON O SIN WIFI: Este dispositivo puede funcionar tambi\u00e9n en modo grabaci\u00f3n local continua 24\/7 insertando una tarjeta micro SD de hasta 128\u202fGB (no incluida), sin necesidad de conexi\u00f3n WiFi. Tambi\u00e9n permite la visualizaci\u00f3n remota desde cualquier parte del mundo mediante la app compatible. Para un funcionamiento \u00f3ptimo en modo WiFi, se recomienda ubicar el dispositivo cerca del router o de un repetidor de se\u00f1al.<br \/>\n&#8211; DISPOSITIVO TODO EN UNO: CARGA Y GRABA SIMULT\u00c1NEAMENTE Permite ver, escuchar y grabar mientras se utiliza como cargador USB funcional, sin necesidad de cables adicionales. Con un \u00e1ngulo de visi\u00f3n de 90\u00b0, cubre eficazmente cualquier zona dentro de su campo visual. Instalaci\u00f3n sencilla tipo plug &amp; play: solo hay que conectarlo a la corriente para empezar a funcionar.<br \/>\n&#8211; GARANT\u00cdA DE CALIDAD: Todos nuestros productos est\u00e1n revisados minuciosamente uno a uno, si tiene alg\u00fan problema o duda con el art\u00edculo, no dude en contactarnos a trav\u00e9s de \u00abcontactar vendedor\u00bb y se lo solucionaremos encantados.<\/p>\n","protected":false},"excerpt":{"rendered":"<p>Mini Camara Espia Oculta Camuflada WiFi, (Sin Agujero de Lente), Sin Luz al Grabar, Completamente indetectable, Camara Vigilancia WiFi Interior, Versi\u00f3n 2025, Full HD Real, Detecci\u00f3n de Movimiento<br \/>#Publicidad <span class=\"read-more\"><a class=\"more-link btn btn-transparent\" href=\"https:\/\/rockkofertas.com.es\/index.php\/producto\/b0f95zhlb1-2\/\">Leer m\u00e1s&#8230;<\/a><\/span><\/p>\n","protected":false},"featured_media":7100,"comment_status":"open","ping_status":"closed","template":"","meta":[],"product_cat":[15],"product_tag":[],"class_list":{"0":"post-7101","1":"product","2":"type-product","3":"status-publish","4":"has-post-thumbnail","6":"product_cat-sin-categorizar","8":"first","9":"instock","10":"shipping-taxable","11":"product-type-external"},"_links":{"self":[{"href":"https:\/\/rockkofertas.com.es\/index.php\/wp-json\/wp\/v2\/product\/7101","targetHints":{"allow":["GET"]}}],"collection":[{"href":"https:\/\/rockkofertas.com.es\/index.php\/wp-json\/wp\/v2\/product"}],"about":[{"href":"https:\/\/rockkofertas.com.es\/index.php\/wp-json\/wp\/v2\/types\/product"}],"replies":[{"embeddable":true,"href":"https:\/\/rockkofertas.com.es\/index.php\/wp-json\/wp\/v2\/comments?post=7101"}],"wp:featuredmedia":[{"embeddable":true,"href":"https:\/\/rockkofertas.com.es\/index.php\/wp-json\/wp\/v2\/media\/7100"}],"wp:attachment":[{"href":"https:\/\/rockkofertas.com.es\/index.php\/wp-json\/wp\/v2\/media?parent=7101"}],"wp:term":[{"taxonomy":"product_cat","embeddable":true,"href":"https:\/\/rockkofertas.com.es\/index.php\/wp-json\/wp\/v2\/product_cat?post=7101"},{"taxonomy":"product_tag","embeddable":true,"href":"https:\/\/rockkofertas.com.es\/index.php\/wp-json\/wp\/v2\/product_tag?post=7101"}],"curies":[{"name":"wp","href":"https:\/\/api.w.org\/{rel}","templated":true}]}}