{"id":7081,"date":"2025-11-17T15:32:11","date_gmt":"2025-11-17T15:32:11","guid":{"rendered":"https:\/\/rockkofertas.com.es\/index.php\/producto\/b0fdwxftsb\/"},"modified":"2025-11-17T15:32:11","modified_gmt":"2025-11-17T15:32:11","slug":"b0fdwxftsb","status":"publish","type":"product","link":"https:\/\/rockkofertas.com.es\/index.php\/producto\/b0fdwxftsb\/","title":{"rendered":"B0FDWXFTSB"},"content":{"rendered":"<p>&#8211; \u3010arrancador de bater\u00eda para coche\u3011El arrancador de bater\u00eda JDMCAR est\u00e1 dise\u00f1ado para veh\u00edculos de gran cilindrada. Su bater\u00eda de litio de alta capacidad de 5000A permite arrancar una bater\u00eda de coche de 12V (hasta 9 L de gasolina o 8,5 L de di\u00e9sel) en segundos. La bater\u00eda se puede usar hasta 50 veces despu\u00e9s de una carga completa.<br \/>\n&#8211; \u30103 En 1 Arrancador de Baterias de Coche\u3011JDMCAR arrancador puede funcionar como un refuerzo de bater\u00eda, banco de energ\u00eda y 3 modos(luz constante, SOS, estrobosc\u00f3pica) linterna LED que es potencialmente un respaldo de emergencia cuando va de campamento, picnic, aventura al aire libre o una encuesta. JDMCAR arrancador coche Con su capacidad de Gran capacidad, Carga tus equipos electr\u00f3nicos en cualquier momento de tu viaje, como tu celular, computadora, tablet, Kindle, etc<br \/>\n&#8211; \u3010Pantalla LCD: Control Total y Seguridad para Novatos y Expertos\u3011Toma el control con la pantalla de 2.5&#8243;. En tiempo real Ve la carga REAL y el voltaje, evitando sorpresas. Este arrancador de bater\u00eda port\u00e1til confirma una conexi\u00f3n correcta. Conecta con confianza, sin adivinar.<br \/>\n&#8211; \u3010Arranque de Seguridad\u3011Disfrute de una mayor tranquilidad gracias a sus 10 protecciones integradas que previenen usos incorrectos y chispas. Incluye funciones como: protecci\u00f3n anti-chispas, anti-polaridad inversa, anti-sobrecorriente, control de alta temperatura y prevenci\u00f3n de sobrecargas.El sistema de alerta inteligente le notifica mediante una se\u00f1al sonora clara si detecta un uso inadecuado.<br \/>\n&#8211; \u3010Contiene contenido\u3011Arrancador port\u00e1til JDMCAR de para coche, cables de arranque inteligentes, cable de carga tipo C, bolsa de almacenamiento y manual de usuario.<\/p>\n","protected":false},"excerpt":{"rendered":"<p>JDMCAR Arrancadores de Bateria de Coche, 5000A 12V Arrancador de Coches Motor 9.0L Gasolina o 8.5L Diesel, Arrancador portatil con Pantalla LCD y Carga R\u00e1pida y Linterna LED, potenciador de bater\u00eda<br \/>#Publicidad <span class=\"read-more\"><a class=\"more-link btn btn-transparent\" href=\"https:\/\/rockkofertas.com.es\/index.php\/producto\/b0fdwxftsb\/\">Leer m\u00e1s&#8230;<\/a><\/span><\/p>\n","protected":false},"featured_media":7080,"comment_status":"open","ping_status":"closed","template":"","meta":[],"product_cat":[15],"product_tag":[],"class_list":{"0":"post-7081","1":"product","2":"type-product","3":"status-publish","4":"has-post-thumbnail","6":"product_cat-sin-categorizar","8":"first","9":"instock","10":"shipping-taxable","11":"product-type-external"},"_links":{"self":[{"href":"https:\/\/rockkofertas.com.es\/index.php\/wp-json\/wp\/v2\/product\/7081","targetHints":{"allow":["GET"]}}],"collection":[{"href":"https:\/\/rockkofertas.com.es\/index.php\/wp-json\/wp\/v2\/product"}],"about":[{"href":"https:\/\/rockkofertas.com.es\/index.php\/wp-json\/wp\/v2\/types\/product"}],"replies":[{"embeddable":true,"href":"https:\/\/rockkofertas.com.es\/index.php\/wp-json\/wp\/v2\/comments?post=7081"}],"wp:featuredmedia":[{"embeddable":true,"href":"https:\/\/rockkofertas.com.es\/index.php\/wp-json\/wp\/v2\/media\/7080"}],"wp:attachment":[{"href":"https:\/\/rockkofertas.com.es\/index.php\/wp-json\/wp\/v2\/media?parent=7081"}],"wp:term":[{"taxonomy":"product_cat","embeddable":true,"href":"https:\/\/rockkofertas.com.es\/index.php\/wp-json\/wp\/v2\/product_cat?post=7081"},{"taxonomy":"product_tag","embeddable":true,"href":"https:\/\/rockkofertas.com.es\/index.php\/wp-json\/wp\/v2\/product_tag?post=7081"}],"curies":[{"name":"wp","href":"https:\/\/api.w.org\/{rel}","templated":true}]}}