{"id":7073,"date":"2025-11-17T04:00:42","date_gmt":"2025-11-17T04:00:42","guid":{"rendered":"https:\/\/rockkofertas.com.es\/index.php\/producto\/b07hmskp1q\/"},"modified":"2025-11-17T04:00:42","modified_gmt":"2025-11-17T04:00:42","slug":"b07hmskp1q","status":"publish","type":"product","link":"https:\/\/rockkofertas.com.es\/index.php\/producto\/b07hmskp1q\/","title":{"rendered":"B07HMSKP1Q"},"content":{"rendered":"<p>&#8211; Juego de 6 vasos transparentes y funcionales: el juego de vasos Ocean de Excelsa consta de 6 vasos de cristal transparente y es adecuado para cualquier ocasi\u00f3n. Las decoraciones con notas de azul del juego har\u00e1n que tu mesa sienta el dulce reclamo del mar<br \/>\n&#8211; Dise\u00f1o: el dise\u00f1o cl\u00e1sico de estos vasos combina bien con las decoraciones con simp\u00e1ticos peces y con griegas de tonos azules y azules, para recrear la atm\u00f3sfera de un almuerzo en la playa, acunado por el sonido de las olas que se rompen en la orilla y llevar a tu mesa los frescos y despreocupados matices del oc\u00e9ano, de tonos veraniegos y chispeantes<br \/>\n&#8211; Uso diario: los vasos Ocean son aptos para lavavajillas, lo que hace que su limpieza sea f\u00e1cil y pr\u00e1ctica, para un uso diario sin preocupaciones<br \/>\n&#8211; Composici\u00f3n: el juego incluye 6 vasos de cristal transparente \u00d8 7,5 cm, altura 8,5 cm y capacidad de 25 cl<br \/>\n&#8211; ELIMINACI\u00d3N DE LAS ETIQUETAS EN EL FONDO: Para una eliminaci\u00f3n eficaz de las etiquetas, sugerimos los siguientes m\u00e9todos: \u21d2Roc\u00ede un desengrasante de limpieza dom\u00e9stica en la etiqueta, d\u00e9jelo actuar durante unos diez segundos y luego proceder a retirar la etiqueta. \u21d2 Utilizar una almohadilla empapada en alcohol rosa (com\u00fan en los supermercados), o utilizar trielina; frotar suavemente la etiqueta con la almohadilla durante unos diez segundos y luego retirarla. \u21d2 Para conservar la calidad de nuestros productos se recomienda no utilizar cuchillos o estropajos abrasivos para quitar las etiquetas<\/p>\n","protected":false},"excerpt":{"rendered":"<p>Excelsa Ocean Juego de Vasos de Agua, Cristal, 6 Unidad (Paquete de 1), 6<br \/>\n#Publicidad <span class=\"read-more\"><a class=\"more-link btn btn-transparent\" href=\"https:\/\/rockkofertas.com.es\/index.php\/producto\/b07hmskp1q\/\">Leer m\u00e1s&#8230;<\/a><\/span><\/p>\n","protected":false},"featured_media":7072,"comment_status":"open","ping_status":"closed","template":"","meta":[],"product_cat":[15],"product_tag":[],"class_list":{"0":"post-7073","1":"product","2":"type-product","3":"status-publish","4":"has-post-thumbnail","6":"product_cat-sin-categorizar","8":"first","9":"instock","10":"shipping-taxable","11":"product-type-external"},"_links":{"self":[{"href":"https:\/\/rockkofertas.com.es\/index.php\/wp-json\/wp\/v2\/product\/7073","targetHints":{"allow":["GET"]}}],"collection":[{"href":"https:\/\/rockkofertas.com.es\/index.php\/wp-json\/wp\/v2\/product"}],"about":[{"href":"https:\/\/rockkofertas.com.es\/index.php\/wp-json\/wp\/v2\/types\/product"}],"replies":[{"embeddable":true,"href":"https:\/\/rockkofertas.com.es\/index.php\/wp-json\/wp\/v2\/comments?post=7073"}],"wp:featuredmedia":[{"embeddable":true,"href":"https:\/\/rockkofertas.com.es\/index.php\/wp-json\/wp\/v2\/media\/7072"}],"wp:attachment":[{"href":"https:\/\/rockkofertas.com.es\/index.php\/wp-json\/wp\/v2\/media?parent=7073"}],"wp:term":[{"taxonomy":"product_cat","embeddable":true,"href":"https:\/\/rockkofertas.com.es\/index.php\/wp-json\/wp\/v2\/product_cat?post=7073"},{"taxonomy":"product_tag","embeddable":true,"href":"https:\/\/rockkofertas.com.es\/index.php\/wp-json\/wp\/v2\/product_tag?post=7073"}],"curies":[{"name":"wp","href":"https:\/\/api.w.org\/{rel}","templated":true}]}}