{"id":7051,"date":"2025-11-16T11:56:07","date_gmt":"2025-11-16T11:56:07","guid":{"rendered":"https:\/\/rockkofertas.com.es\/index.php\/producto\/b0fcb4cwcy\/"},"modified":"2025-11-16T11:56:07","modified_gmt":"2025-11-16T11:56:07","slug":"b0fcb4cwcy","status":"publish","type":"product","link":"https:\/\/rockkofertas.com.es\/index.php\/producto\/b0fcb4cwcy\/","title":{"rendered":"B0FCB4CWCY"},"content":{"rendered":"<p>&#8211; Sistema de trinquete: colgador de cuerda profesional con mecanismo de trinquete para un ajuste preciso de altura y una fijaci\u00f3n segura<br \/>\n&#8211; Construcci\u00f3n robusta: materiales de alta calidad con ganchos de metal resistentes a la corrosi\u00f3n y cuerda resistente a la rotura para un uso duradero<br \/>\n&#8211; Vers\u00e1til: ideal para l\u00e1mparas de plantas, ventiladores y otras suspensiones con una longitud de 2 metros, capacidad de carga: 35 kg\/pieza<br \/>\n&#8211; Juego completo: se entrega como un juego de 4 con 2 metros de cuerda y 3 mm de di\u00e1metro<br \/>\n&#8211; F\u00e1cil de usar: ajuste r\u00e1pido y seguro gracias al sistema de trinquete f\u00e1cil de usar con cierre r\u00e1pido<\/p>\n","protected":false},"excerpt":{"rendered":"<p>Juego de colgadores de cuerda con sistema de trinquete, 4 unidades, 2 m de longitud, ganchos ajustables para l\u00e1mparas de plantas y ventiladores, plantas de interior, l\u00e1mparas de cultivo y sistemas de<br \/>#Publicidad <span class=\"read-more\"><a class=\"more-link btn btn-transparent\" href=\"https:\/\/rockkofertas.com.es\/index.php\/producto\/b0fcb4cwcy\/\">Leer m\u00e1s&#8230;<\/a><\/span><\/p>\n","protected":false},"featured_media":7050,"comment_status":"open","ping_status":"closed","template":"","meta":[],"product_cat":[15],"product_tag":[],"class_list":{"0":"post-7051","1":"product","2":"type-product","3":"status-publish","4":"has-post-thumbnail","6":"product_cat-sin-categorizar","8":"first","9":"instock","10":"shipping-taxable","11":"product-type-external"},"_links":{"self":[{"href":"https:\/\/rockkofertas.com.es\/index.php\/wp-json\/wp\/v2\/product\/7051","targetHints":{"allow":["GET"]}}],"collection":[{"href":"https:\/\/rockkofertas.com.es\/index.php\/wp-json\/wp\/v2\/product"}],"about":[{"href":"https:\/\/rockkofertas.com.es\/index.php\/wp-json\/wp\/v2\/types\/product"}],"replies":[{"embeddable":true,"href":"https:\/\/rockkofertas.com.es\/index.php\/wp-json\/wp\/v2\/comments?post=7051"}],"wp:featuredmedia":[{"embeddable":true,"href":"https:\/\/rockkofertas.com.es\/index.php\/wp-json\/wp\/v2\/media\/7050"}],"wp:attachment":[{"href":"https:\/\/rockkofertas.com.es\/index.php\/wp-json\/wp\/v2\/media?parent=7051"}],"wp:term":[{"taxonomy":"product_cat","embeddable":true,"href":"https:\/\/rockkofertas.com.es\/index.php\/wp-json\/wp\/v2\/product_cat?post=7051"},{"taxonomy":"product_tag","embeddable":true,"href":"https:\/\/rockkofertas.com.es\/index.php\/wp-json\/wp\/v2\/product_tag?post=7051"}],"curies":[{"name":"wp","href":"https:\/\/api.w.org\/{rel}","templated":true}]}}