{"id":7029,"date":"2025-11-16T00:00:55","date_gmt":"2025-11-16T00:00:55","guid":{"rendered":"https:\/\/rockkofertas.com.es\/index.php\/producto\/b0bk4dmbfd\/"},"modified":"2025-11-16T00:00:55","modified_gmt":"2025-11-16T00:00:55","slug":"b0bk4dmbfd","status":"publish","type":"product","link":"https:\/\/rockkofertas.com.es\/index.php\/producto\/b0bk4dmbfd\/","title":{"rendered":"B0BK4DMBFD"},"content":{"rendered":"<p>&#8211; Este elegante collar Idyllia Lilia presenta un motivo central de mariposas flotantes adornadas con brillante pav\u00e9 azul sobre un engaste ba\u00f1ado de rodio<br \/>\n&#8211; Es una opci\u00f3n sencilla que realzar\u00e1 tu atuendo con un toque m\u00e1gico inspirado en la naturaleza<\/p>\n","protected":false},"excerpt":{"rendered":"<p>Swarovski Collar Idyllia Lilia, Mariposa, Azul, Ba\u00f1o de rodio<br \/>\n#Publicidad <span class=\"read-more\"><a class=\"more-link btn btn-transparent\" href=\"https:\/\/rockkofertas.com.es\/index.php\/producto\/b0bk4dmbfd\/\">Leer m\u00e1s&#8230;<\/a><\/span><\/p>\n","protected":false},"featured_media":7028,"comment_status":"open","ping_status":"closed","template":"","meta":[],"product_cat":[15],"product_tag":[],"class_list":{"0":"post-7029","1":"product","2":"type-product","3":"status-publish","4":"has-post-thumbnail","6":"product_cat-sin-categorizar","8":"first","9":"instock","10":"shipping-taxable","11":"product-type-external"},"_links":{"self":[{"href":"https:\/\/rockkofertas.com.es\/index.php\/wp-json\/wp\/v2\/product\/7029","targetHints":{"allow":["GET"]}}],"collection":[{"href":"https:\/\/rockkofertas.com.es\/index.php\/wp-json\/wp\/v2\/product"}],"about":[{"href":"https:\/\/rockkofertas.com.es\/index.php\/wp-json\/wp\/v2\/types\/product"}],"replies":[{"embeddable":true,"href":"https:\/\/rockkofertas.com.es\/index.php\/wp-json\/wp\/v2\/comments?post=7029"}],"wp:featuredmedia":[{"embeddable":true,"href":"https:\/\/rockkofertas.com.es\/index.php\/wp-json\/wp\/v2\/media\/7028"}],"wp:attachment":[{"href":"https:\/\/rockkofertas.com.es\/index.php\/wp-json\/wp\/v2\/media?parent=7029"}],"wp:term":[{"taxonomy":"product_cat","embeddable":true,"href":"https:\/\/rockkofertas.com.es\/index.php\/wp-json\/wp\/v2\/product_cat?post=7029"},{"taxonomy":"product_tag","embeddable":true,"href":"https:\/\/rockkofertas.com.es\/index.php\/wp-json\/wp\/v2\/product_tag?post=7029"}],"curies":[{"name":"wp","href":"https:\/\/api.w.org\/{rel}","templated":true}]}}