{"id":6975,"date":"2025-11-13T21:24:27","date_gmt":"2025-11-13T21:24:27","guid":{"rendered":"https:\/\/rockkofertas.com.es\/index.php\/producto\/b0fg2jjbnk-2\/"},"modified":"2025-11-13T21:24:27","modified_gmt":"2025-11-13T21:24:27","slug":"b0fg2jjbnk-2","status":"publish","type":"product","link":"https:\/\/rockkofertas.com.es\/index.php\/producto\/b0fg2jjbnk-2\/","title":{"rendered":"B0FG2JJBNK"},"content":{"rendered":"<p>&#8211; Dise\u00f1o impermeable IP68: auriculares submarinos totalmente sumergibles dise\u00f1ados para nadadores.Nuestros auriculares impermeables IP68 soportan profundidades de hasta 3 metros durante m\u00e1s de 60 minutos,lo que los hace perfectos para nadar,surf,kayak o carreras de lluvia intensa.Nunca dejes que el sudor o el agua interrumpan tu entrenamiento de nuevo. (Al nadar bajo el agua, cambia el modo Bluetooth al modo MP3)<br \/>\n&#8211; Tecnolog\u00eda de conducci\u00f3n \u00f3sea: \u00a1experimenta la escucha de o\u00eddo abierto! Nuestros auriculares de conducci\u00f3n \u00f3sea ofrecen un sonido rico a trav\u00e9s de tus p\u00f3mulos, manteniendo las orejas completamente abiertas.Escucha tu m\u00fasica y tu entorno,cr\u00edtico para correr,ciclismo y seguridad al aire libre.Sin presi\u00f3n ni molestias en el canal auditivo.<br \/>\n&#8211; Reproductor MP3 integrado de 8 GB: deja tu tel\u00e9fono atr\u00e1s. Almacena m\u00e1s de 2000 canciones directamente en estos auriculares deportivos con 8 GB de memoria. Perfecto para nadar o correr por senderos donde llevar un tel\u00e9fono no es pr\u00e1ctico. Sincroniza a trav\u00e9s del cable magn\u00e9tico y golpea el agua o senderos sin ataduras.<br \/>\n&#8211; Bluetooth 6.0 y llamadas claras: conexi\u00f3n inal\u00e1mbrica ultra estable a trav\u00e9s de Bluetooth 6.0 para un emparejamiento r\u00e1pido,baja latencia y rango extendido.Toma llamadas n\u00edtidas a mitad de carrera o viaje.Cambia sin problemas entre m\u00fasica almacenada y transmisi\u00f3n de tel\u00e9fono. (El modo Bluetooth no es compatible bajo el agua, cambia al modo MP3)<br \/>\n&#8211; Bater\u00eda de 8H y ligera: Dise\u00f1ado para la resistencia: la bater\u00eda de 8 horas alimenta la carrera de marat\u00f3n, ciclismo durante todo el d\u00eda o m\u00faltiples sesiones de nataci\u00f3n.Marco de titanio ultraligero (28 g) con ajuste flexible que se mantiene seguro durante sprints,giros o senderos de monta\u00f1a.Resistente al sudor y durabilidad inastillable.<\/p>\n","protected":false},"excerpt":{"rendered":"<p>IFECCO Auriculares Natacion Bluetooth 6.0 &#8211; IP68 Resistente al Agua Auriculares Conduccion Osea Natacion,Cascos Conduccion Osea con 8G Mp3 para Nadar Correr Ciclismo<br \/>#Publicidad <span class=\"read-more\"><a class=\"more-link btn btn-transparent\" href=\"https:\/\/rockkofertas.com.es\/index.php\/producto\/b0fg2jjbnk-2\/\">Leer m\u00e1s&#8230;<\/a><\/span><\/p>\n","protected":false},"featured_media":6974,"comment_status":"open","ping_status":"closed","template":"","meta":[],"product_cat":[15],"product_tag":[],"class_list":{"0":"post-6975","1":"product","2":"type-product","3":"status-publish","4":"has-post-thumbnail","6":"product_cat-sin-categorizar","8":"first","9":"instock","10":"shipping-taxable","11":"product-type-external"},"_links":{"self":[{"href":"https:\/\/rockkofertas.com.es\/index.php\/wp-json\/wp\/v2\/product\/6975","targetHints":{"allow":["GET"]}}],"collection":[{"href":"https:\/\/rockkofertas.com.es\/index.php\/wp-json\/wp\/v2\/product"}],"about":[{"href":"https:\/\/rockkofertas.com.es\/index.php\/wp-json\/wp\/v2\/types\/product"}],"replies":[{"embeddable":true,"href":"https:\/\/rockkofertas.com.es\/index.php\/wp-json\/wp\/v2\/comments?post=6975"}],"wp:featuredmedia":[{"embeddable":true,"href":"https:\/\/rockkofertas.com.es\/index.php\/wp-json\/wp\/v2\/media\/6974"}],"wp:attachment":[{"href":"https:\/\/rockkofertas.com.es\/index.php\/wp-json\/wp\/v2\/media?parent=6975"}],"wp:term":[{"taxonomy":"product_cat","embeddable":true,"href":"https:\/\/rockkofertas.com.es\/index.php\/wp-json\/wp\/v2\/product_cat?post=6975"},{"taxonomy":"product_tag","embeddable":true,"href":"https:\/\/rockkofertas.com.es\/index.php\/wp-json\/wp\/v2\/product_tag?post=6975"}],"curies":[{"name":"wp","href":"https:\/\/api.w.org\/{rel}","templated":true}]}}