{"id":6971,"date":"2025-11-13T20:00:51","date_gmt":"2025-11-13T20:00:51","guid":{"rendered":"https:\/\/rockkofertas.com.es\/index.php\/producto\/b07wdfr4dz\/"},"modified":"2025-11-13T20:00:51","modified_gmt":"2025-11-13T20:00:51","slug":"b07wdfr4dz","status":"publish","type":"product","link":"https:\/\/rockkofertas.com.es\/index.php\/producto\/b07wdfr4dz\/","title":{"rendered":"B07WDFR4DZ"},"content":{"rendered":"<p>&#8211; Relleno de poliuretano para una mejor absorci\u00f3n de los golpes<br \/>\n&#8211; Dise\u00f1o caracter\u00edstico maor\u00ed<br \/>\n&#8211; Forro interior transpirable<br \/>\n&#8211; 100% nuevo y<\/p>\n","protected":false},"excerpt":{"rendered":"<p>LEONE 1947 Guantes de boxeo maor\u00edes rosa\/10 ozm &#8211; GN070<br \/>\n#Publicidad <span class=\"read-more\"><a class=\"more-link btn btn-transparent\" href=\"https:\/\/rockkofertas.com.es\/index.php\/producto\/b07wdfr4dz\/\">Leer m\u00e1s&#8230;<\/a><\/span><\/p>\n","protected":false},"featured_media":6970,"comment_status":"open","ping_status":"closed","template":"","meta":[],"product_cat":[15],"product_tag":[],"class_list":{"0":"post-6971","1":"product","2":"type-product","3":"status-publish","4":"has-post-thumbnail","6":"product_cat-sin-categorizar","8":"first","9":"instock","10":"shipping-taxable","11":"product-type-external"},"_links":{"self":[{"href":"https:\/\/rockkofertas.com.es\/index.php\/wp-json\/wp\/v2\/product\/6971","targetHints":{"allow":["GET"]}}],"collection":[{"href":"https:\/\/rockkofertas.com.es\/index.php\/wp-json\/wp\/v2\/product"}],"about":[{"href":"https:\/\/rockkofertas.com.es\/index.php\/wp-json\/wp\/v2\/types\/product"}],"replies":[{"embeddable":true,"href":"https:\/\/rockkofertas.com.es\/index.php\/wp-json\/wp\/v2\/comments?post=6971"}],"wp:featuredmedia":[{"embeddable":true,"href":"https:\/\/rockkofertas.com.es\/index.php\/wp-json\/wp\/v2\/media\/6970"}],"wp:attachment":[{"href":"https:\/\/rockkofertas.com.es\/index.php\/wp-json\/wp\/v2\/media?parent=6971"}],"wp:term":[{"taxonomy":"product_cat","embeddable":true,"href":"https:\/\/rockkofertas.com.es\/index.php\/wp-json\/wp\/v2\/product_cat?post=6971"},{"taxonomy":"product_tag","embeddable":true,"href":"https:\/\/rockkofertas.com.es\/index.php\/wp-json\/wp\/v2\/product_tag?post=6971"}],"curies":[{"name":"wp","href":"https:\/\/api.w.org\/{rel}","templated":true}]}}