{"id":6967,"date":"2025-11-13T17:43:19","date_gmt":"2025-11-13T17:43:19","guid":{"rendered":"https:\/\/rockkofertas.com.es\/index.php\/producto\/b0cnlvkgs1\/"},"modified":"2025-11-13T17:43:19","modified_gmt":"2025-11-13T17:43:19","slug":"b0cnlvkgs1","status":"publish","type":"product","link":"https:\/\/rockkofertas.com.es\/index.php\/producto\/b0cnlvkgs1\/","title":{"rendered":"B0CNLVKGS1"},"content":{"rendered":"<p>&#8211; \u2615\u301024 AJUSTES DE MOLIDO PRECISO\u3011- El molinillo caf\u00e9 regulable de fresa c\u00f3nica ofrece 24 niveles de molido ajustables para una \u00f3ptima precisi\u00f3n y control del sabor del caf\u00e9. Simplemente gire a su nivel de molienda preferido, de grueso a fino, y con las fresas de acero inoxidable del molinillo cafe electrico, muela granos de caf\u00e9 en segundos para pr\u00e1cticamente cualquier m\u00e9todo de preparaci\u00f3n de caf\u00e9, ya sea espresso, goteo, infusi\u00f3n en fr\u00edo, prensa francesa, caf\u00e9 turco.<br \/>\n&#8211; \u2615\u3010SOPORTE DESMONTABLE PARA AHORRAR TIEMPO\u3011- El molinillo caf\u00e9 viene con un soporte desmontable para sujetar el portafiltro de 51 mm a 58 mm de ancho y 30-32 mm de alto, adecuado para la mayor\u00eda de los portafiltros de las m\u00e1quinas de caf\u00e9 dom\u00e9sticas y profesionales. El soporte desmontable se utiliza para moler los granos de caf\u00e9 directamente en el portafiltro, ahorrando mucho tiempo. Si su portafiltro no coincide, puede utilizar la taza de acero inoxidable incluida (100 g\/12 tazas) para sujetar el polvo y evitar fugas.<br \/>\n&#8211; \u2615\u3010CONTROL T\u00c1CTIL DE PRECISI\u00d3N\u3011- El panel de control LCD no solo muestra las opciones, sino que tambi\u00e9n cuenta con interruptores sensibles al tacto para facilitar la operaci\u00f3n y el cambio de funciones. Este molinillo cafe electrico LCD puede controlar con precisi\u00f3n el n\u00famero de tazas de 2 a 12 para caf\u00e9 por goteo. Incluso puede ajustar el tiempo de molienda en 0,5s para portafiltro de caf\u00e9 simple o doble, y puede parar en cualquier momento sin preocuparse por el desbordamiento de polvo.<br \/>\n&#8211; \u2615\u3010FRESA C\u00d3NICA DE ACERO INOXIDABLE\u3011- El molinillo cafe muelas est\u00e1 equipado con una fresa c\u00f3nica de acero inoxidable de 40 mm que muele poderosamente los granos de caf\u00e9 y protege los aceites sutiles de los granos para una molienda uniforme y una extracci\u00f3n \u00f3ptima del sabor.La baja velocidad de molienda de 450 rpm reduce la electricidad est\u00e1tica y la acumulaci\u00f3n de calor y garantiza una temperatura de molienda estable y una calidad de caf\u00e9 consistente.<br \/>\n&#8211; \u2615\u3010TOLVA DE CAF\u00c9 EN GRANO DE 300 G\u3011- Nuestro molinillo de caf\u00e9 est\u00e1 equipado con una tolva que puede contener hasta 300g(10.5oz) de granos de caf\u00e9. Puede moler r\u00e1pidamente grandes cantidades de granos de caf\u00e9 cuando se tiene una gran demanda de caf\u00e9. La tolva de color oscuro del molino cafe electrico proteger los granos de caf\u00e9 de los rayos UV, manteni\u00e9ndolos frescos y sabrosos.<\/p>\n","protected":false},"excerpt":{"rendered":"<p>AMZCHEF Molinillo de Caf\u00e9 El\u00e9ctrico con Soporte Desmontable y Contenedor | Panel T\u00e1ctil LCD | 24 Regulable de Molido Molinillo de Caf\u00e9 con Muelas para Espresso\/Drip\/Pour Over\/Cold Brew\/French Press<br \/>#Publicidad <span class=\"read-more\"><a class=\"more-link btn btn-transparent\" href=\"https:\/\/rockkofertas.com.es\/index.php\/producto\/b0cnlvkgs1\/\">Leer m\u00e1s&#8230;<\/a><\/span><\/p>\n","protected":false},"featured_media":6966,"comment_status":"open","ping_status":"closed","template":"","meta":[],"product_cat":[15],"product_tag":[],"class_list":{"0":"post-6967","1":"product","2":"type-product","3":"status-publish","4":"has-post-thumbnail","6":"product_cat-sin-categorizar","8":"first","9":"instock","10":"shipping-taxable","11":"product-type-external"},"_links":{"self":[{"href":"https:\/\/rockkofertas.com.es\/index.php\/wp-json\/wp\/v2\/product\/6967","targetHints":{"allow":["GET"]}}],"collection":[{"href":"https:\/\/rockkofertas.com.es\/index.php\/wp-json\/wp\/v2\/product"}],"about":[{"href":"https:\/\/rockkofertas.com.es\/index.php\/wp-json\/wp\/v2\/types\/product"}],"replies":[{"embeddable":true,"href":"https:\/\/rockkofertas.com.es\/index.php\/wp-json\/wp\/v2\/comments?post=6967"}],"wp:featuredmedia":[{"embeddable":true,"href":"https:\/\/rockkofertas.com.es\/index.php\/wp-json\/wp\/v2\/media\/6966"}],"wp:attachment":[{"href":"https:\/\/rockkofertas.com.es\/index.php\/wp-json\/wp\/v2\/media?parent=6967"}],"wp:term":[{"taxonomy":"product_cat","embeddable":true,"href":"https:\/\/rockkofertas.com.es\/index.php\/wp-json\/wp\/v2\/product_cat?post=6967"},{"taxonomy":"product_tag","embeddable":true,"href":"https:\/\/rockkofertas.com.es\/index.php\/wp-json\/wp\/v2\/product_tag?post=6967"}],"curies":[{"name":"wp","href":"https:\/\/api.w.org\/{rel}","templated":true}]}}