{"id":6939,"date":"2025-11-13T07:20:19","date_gmt":"2025-11-13T07:20:19","guid":{"rendered":"https:\/\/rockkofertas.com.es\/index.php\/producto\/b0fs23k3c3\/"},"modified":"2025-11-13T07:20:19","modified_gmt":"2025-11-13T07:20:19","slug":"b0fs23k3c3","status":"publish","type":"product","link":"https:\/\/rockkofertas.com.es\/index.php\/producto\/b0fs23k3c3\/","title":{"rendered":"B0FS23K3C3"},"content":{"rendered":"<p>&#8211; \u30106 Configuraciones de Temperatura\u3011El rizador giratorio autom\u00e1tico tiene 6 configuraciones de temperatura: 130 \u00b0 C para cabello fino \/ 150 \u00b0 C para cabello normal \/ 170 \u00b0 C para cabello grueso y \u00e1spero \/ 190-230 \u00b0 C para cabello dif\u00edcil de rizar, lo que le permite ajustar la temperatura del rizador de cabello de acuerdo con su tipo de cabello, lo que facilita la creaci\u00f3n de ondas glamorosas para todo tipo de cabello.<br \/>\n&#8211; \u3010Calentamiento R\u00e1pido, Cuidado Capilar Eficaz\u3011Este rizador autom\u00e1tico utiliza turmalina cer\u00e1mica profesional para un calentamiento m\u00e1s r\u00e1pido y una distribuci\u00f3n m\u00e1s uniforme del calor, asegurando un calentamiento uniforme en cada mech\u00f3n. Durante su uso, libera una gran cantidad de iones negativos para retener la humedad, reducir el encrespamiento y proteger la salud del cabello, dej\u00e1ndolo el\u00e1stico, brillante y suave.<br \/>\n&#8211; \u3010Antitirones, F\u00e1cil de Usar] \u3011Las ranuras dobles para clip integradas reducen los enganches y tirones. El dise\u00f1o de temperatura y rizado con un solo toque lo hace f\u00e1cil de usar. Simplemente peina una secci\u00f3n de cabello, inserta la secci\u00f3n superior en las ranuras del rizador, presiona las teclas de flecha y espera unos segundos para obtener rizos perfectos. Se escuchar\u00e1 un pitido cada tres segundos.<br \/>\n&#8211; \u3010Dise\u00f1o Apagado Auto &amp; Anti-Quemaduras\u3011Este rizador autom\u00e1tico de cer\u00e1mica cuenta con un dise\u00f1o de doble protecci\u00f3n con una carcasa exterior resistente al calor para evitar quemaduras accidentales, lo que lo hace seguro incluso para principiantes. Tambi\u00e9n cuenta con una funci\u00f3n de apagado autom\u00e1tico que se apaga despu\u00e9s de 60 minutos de inactividad.<br \/>\n&#8211; \u3010Un Regalo Perfecto\u3011Este rizador autom\u00e1tico puede crear r\u00e1pidamente un cabello natural y ondulado. Es una excelente opci\u00f3n para citas, San Valent\u00edn, cumplea\u00f1os y bodas. Es el regalo perfecto para mujeres, ni\u00f1as y familias.<\/p>\n","protected":false},"excerpt":{"rendered":"<p>Anluomafuy Rizador de Pelo Automatico, Rizador Pelo Ondas con 6 Niveles de Temperatura Ajustables 130-230\u00b0C, Recubrimiento Cer\u00e1mico, Dise\u00f1o Antiquemaduras, F\u00e1cil de Usar, Calentamiento R\u00e1pido (Blanco)<br \/>#Publicidad <span class=\"read-more\"><a class=\"more-link btn btn-transparent\" href=\"https:\/\/rockkofertas.com.es\/index.php\/producto\/b0fs23k3c3\/\">Leer m\u00e1s&#8230;<\/a><\/span><\/p>\n","protected":false},"featured_media":6938,"comment_status":"open","ping_status":"closed","template":"","meta":[],"product_cat":[15],"product_tag":[],"class_list":{"0":"post-6939","1":"product","2":"type-product","3":"status-publish","4":"has-post-thumbnail","6":"product_cat-sin-categorizar","8":"first","9":"instock","10":"shipping-taxable","11":"product-type-external"},"_links":{"self":[{"href":"https:\/\/rockkofertas.com.es\/index.php\/wp-json\/wp\/v2\/product\/6939","targetHints":{"allow":["GET"]}}],"collection":[{"href":"https:\/\/rockkofertas.com.es\/index.php\/wp-json\/wp\/v2\/product"}],"about":[{"href":"https:\/\/rockkofertas.com.es\/index.php\/wp-json\/wp\/v2\/types\/product"}],"replies":[{"embeddable":true,"href":"https:\/\/rockkofertas.com.es\/index.php\/wp-json\/wp\/v2\/comments?post=6939"}],"wp:featuredmedia":[{"embeddable":true,"href":"https:\/\/rockkofertas.com.es\/index.php\/wp-json\/wp\/v2\/media\/6938"}],"wp:attachment":[{"href":"https:\/\/rockkofertas.com.es\/index.php\/wp-json\/wp\/v2\/media?parent=6939"}],"wp:term":[{"taxonomy":"product_cat","embeddable":true,"href":"https:\/\/rockkofertas.com.es\/index.php\/wp-json\/wp\/v2\/product_cat?post=6939"},{"taxonomy":"product_tag","embeddable":true,"href":"https:\/\/rockkofertas.com.es\/index.php\/wp-json\/wp\/v2\/product_tag?post=6939"}],"curies":[{"name":"wp","href":"https:\/\/api.w.org\/{rel}","templated":true}]}}