{"id":6927,"date":"2025-11-12T20:00:44","date_gmt":"2025-11-12T20:00:44","guid":{"rendered":"https:\/\/rockkofertas.com.es\/index.php\/producto\/b0bw5s4v5w\/"},"modified":"2025-11-12T20:00:44","modified_gmt":"2025-11-12T20:00:44","slug":"b0bw5s4v5w","status":"publish","type":"product","link":"https:\/\/rockkofertas.com.es\/index.php\/producto\/b0bw5s4v5w\/","title":{"rendered":"B0BW5S4V5W"},"content":{"rendered":"<p>&#8211; Lino Semitransparente, Luz Suave + Elegancia Duradera: Hechas con 30% lino natural de alta calidad, resuelven el dilema entre \u201coscuridad excesiva\u201d y \u201cfalta de estilo\u201d. Filtra la luz de forma delicada, llenando el hogar de iluminaci\u00f3n natural, y resiste el desgaste diario con menos arrugas \u2014 combina textura premium con encanto vintage.<br \/>\n&#8211; Privacidad Pr\u00e1ctica + Ventilaci\u00f3n Ideal: \u00bfCansado de las cortinas que bloquean la luz para garantizar privacidad o que dejan pasar la vista externa al mantener el espacio iluminado? Nuestra textura gruesa pero semitransparente es una soluci\u00f3n pr\u00e1ctica para espacios dom\u00e9sticos cotidianos: bloquea la vista desde el exterior de manera efectiva (sin opacidad total) y mantiene la circulaci\u00f3n de aire. Nota: No recomendadas para zonas que requieren opacidad total (ej: dormitorios sensibles a la luz).<br \/>\n&#8211; Versatilidad de Tama\u00f1os para Todo el Hogar: Elige entre nuestras opciones adaptadas a cada zona \u2014 Peque\u00f1os (140x137cm-140x175cm) para armarios (antipolvo) o ventanas de cocina; Est\u00e1ndar (140x200cm-140x300cm) para dormitorios, salones peque\u00f1os o balcones; Grandes (300x200cm-320x260cm) para salones espaciosos o balcones amplios, manteniendo coherencia decorativa y ahorrando tu tiempo.<br \/>\n&#8211; Gu\u00eda R\u00e1pida: Anchura: Elige 1.5 a 2.6 veces la anchura de tu ventana(ej: ventana 100cm \u2192 cortina 150-260cm). \u2014 as\u00ed tendr\u00e1n un aspecto voluminoso y fluido, evitando el efecto \u00abajustado\u00bb. Altura: Para dormitorios\/salones (buscas elegancia): Cortinas que lleguen hasta el suelo (o incluso 1-2cm por debajo) ampl\u00edan visualmente el espacio. Para cocinas\/balcones (buscas practicidad): Elige medidas que queden 5-10cm encima del alf\u00e9izar, evitando que se ensucien o interfieran con el uso diario.<br \/>\n&#8211; Instalaci\u00f3n, Mantenimiento y Soporte Sin Complicaciones: Instalaci\u00f3n r\u00e1pida: con ojales met\u00e1licos (4cm de di\u00e1metro) \u2192 encajan en barras est\u00e1ndar, listas en minutos sin herramientas extra. Mantenimiento f\u00e1cil: Lavable a m\u00e1quina en agua fr\u00eda o limpieza en seco; secado y planchado a baja temperatura. Soporte constante: Equipo disponible para resolver dudas, garantizando tranquilidad en tu compra.<\/p>\n","protected":false},"excerpt":{"rendered":"<p>PONY DANCE Cortinas Salon Modernas 2 Piezas 140x200cm(AnxAl), Visillos y Cortinas Semi Transl\u00facidas de Lino con Ojales para Dormitorio Matrimonio Boho, Crema<br \/>\n#Publicidad <span class=\"read-more\"><a class=\"more-link btn btn-transparent\" href=\"https:\/\/rockkofertas.com.es\/index.php\/producto\/b0bw5s4v5w\/\">Leer m\u00e1s&#8230;<\/a><\/span><\/p>\n","protected":false},"featured_media":6926,"comment_status":"open","ping_status":"closed","template":"","meta":[],"product_cat":[15],"product_tag":[],"class_list":{"0":"post-6927","1":"product","2":"type-product","3":"status-publish","4":"has-post-thumbnail","6":"product_cat-sin-categorizar","8":"first","9":"instock","10":"shipping-taxable","11":"product-type-external"},"_links":{"self":[{"href":"https:\/\/rockkofertas.com.es\/index.php\/wp-json\/wp\/v2\/product\/6927","targetHints":{"allow":["GET"]}}],"collection":[{"href":"https:\/\/rockkofertas.com.es\/index.php\/wp-json\/wp\/v2\/product"}],"about":[{"href":"https:\/\/rockkofertas.com.es\/index.php\/wp-json\/wp\/v2\/types\/product"}],"replies":[{"embeddable":true,"href":"https:\/\/rockkofertas.com.es\/index.php\/wp-json\/wp\/v2\/comments?post=6927"}],"wp:featuredmedia":[{"embeddable":true,"href":"https:\/\/rockkofertas.com.es\/index.php\/wp-json\/wp\/v2\/media\/6926"}],"wp:attachment":[{"href":"https:\/\/rockkofertas.com.es\/index.php\/wp-json\/wp\/v2\/media?parent=6927"}],"wp:term":[{"taxonomy":"product_cat","embeddable":true,"href":"https:\/\/rockkofertas.com.es\/index.php\/wp-json\/wp\/v2\/product_cat?post=6927"},{"taxonomy":"product_tag","embeddable":true,"href":"https:\/\/rockkofertas.com.es\/index.php\/wp-json\/wp\/v2\/product_tag?post=6927"}],"curies":[{"name":"wp","href":"https:\/\/api.w.org\/{rel}","templated":true}]}}