{"id":6905,"date":"2025-11-11T20:00:47","date_gmt":"2025-11-11T20:00:47","guid":{"rendered":"https:\/\/rockkofertas.com.es\/index.php\/producto\/b0dzd9fsyv\/"},"modified":"2025-11-11T20:00:47","modified_gmt":"2025-11-11T20:00:47","slug":"b0dzd9fsyv","status":"publish","type":"product","link":"https:\/\/rockkofertas.com.es\/index.php\/producto\/b0dzd9fsyv\/","title":{"rendered":"B0DZD9FSYV"},"content":{"rendered":"<p>&#8211; Adaptaci\u00f3n Ergon\u00f3mica: Dise\u00f1ado para ofrecer un ajuste preciso a las curvas naturales del cuerpo, el MemoryFlex Plus alivia la presi\u00f3n en puntos clave y favorece una alineaci\u00f3n adecuada de la columna vertebral.<br \/>\n&#8211; Confort Avanzado: El colch\u00f3n MemoryFlex Plus est\u00e1 fabricado con una capa de viscoel\u00e1stico de alta calidad que se adapta a las formas del cuerpo, proporcionando un soporte excepcional y una experiencia de descanso superior.<br \/>\n&#8211; Tecnolog\u00eda de Ventilaci\u00f3n Air Fresh: Equipado con un sistema de ventilaci\u00f3n innovador que promueve la circulaci\u00f3n del aire, este colch\u00f3n mantiene una temperatura \u00f3ptima y previene la acumulaci\u00f3n de humedad, asegurando un sue\u00f1o fresco y confortable.<br \/>\n&#8211; Durabilidad y Resistencia: El colch\u00f3n MemoryFlex Plus est\u00e1 dise\u00f1ado para ser altamente duradero, con materiales de calidad que mantienen su forma y funcionalidad a lo largo del tiempo, garantizando un rendimiento prolongado y un sue\u00f1o reparador continuo.<br \/>\n&#8211; Se sirve envasado al vac\u00edo, se recomienda abrir y esperar entre 24 y 48 horas para que recupere su forma final. Los colchones pueden tienen una variaci\u00f3n de grosor de \u00b1 2 cm. Certificados Oeko-tex y Certipur, que acreditan una fabricaci\u00f3n sostenible y libre de sustancias nocivas. Producto de confianza fabricado en Espa\u00f1a.<\/p>\n","protected":false},"excerpt":{"rendered":"<p>HOGAR24 ES &#8211; Colch\u00f3n Viscoel\u00e1stico 90&#215;190 &#8211; MemoryFlex Plus Adaptaci\u00f3n Ergon\u00f3mica &#8211; Tecnolog\u00eda de Ventilaci\u00f3n Air Fresh para una Experiencia de Sue\u00f1o Refrescante \u2013 Altura 22 cm<br \/>\n#Publicidad <span class=\"read-more\"><a class=\"more-link btn btn-transparent\" href=\"https:\/\/rockkofertas.com.es\/index.php\/producto\/b0dzd9fsyv\/\">Leer m\u00e1s&#8230;<\/a><\/span><\/p>\n","protected":false},"featured_media":6904,"comment_status":"open","ping_status":"closed","template":"","meta":[],"product_cat":[15],"product_tag":[],"class_list":{"0":"post-6905","1":"product","2":"type-product","3":"status-publish","4":"has-post-thumbnail","6":"product_cat-sin-categorizar","8":"first","9":"instock","10":"shipping-taxable","11":"product-type-external"},"_links":{"self":[{"href":"https:\/\/rockkofertas.com.es\/index.php\/wp-json\/wp\/v2\/product\/6905","targetHints":{"allow":["GET"]}}],"collection":[{"href":"https:\/\/rockkofertas.com.es\/index.php\/wp-json\/wp\/v2\/product"}],"about":[{"href":"https:\/\/rockkofertas.com.es\/index.php\/wp-json\/wp\/v2\/types\/product"}],"replies":[{"embeddable":true,"href":"https:\/\/rockkofertas.com.es\/index.php\/wp-json\/wp\/v2\/comments?post=6905"}],"wp:featuredmedia":[{"embeddable":true,"href":"https:\/\/rockkofertas.com.es\/index.php\/wp-json\/wp\/v2\/media\/6904"}],"wp:attachment":[{"href":"https:\/\/rockkofertas.com.es\/index.php\/wp-json\/wp\/v2\/media?parent=6905"}],"wp:term":[{"taxonomy":"product_cat","embeddable":true,"href":"https:\/\/rockkofertas.com.es\/index.php\/wp-json\/wp\/v2\/product_cat?post=6905"},{"taxonomy":"product_tag","embeddable":true,"href":"https:\/\/rockkofertas.com.es\/index.php\/wp-json\/wp\/v2\/product_tag?post=6905"}],"curies":[{"name":"wp","href":"https:\/\/api.w.org\/{rel}","templated":true}]}}