{"id":6901,"date":"2025-11-11T19:11:12","date_gmt":"2025-11-11T19:11:12","guid":{"rendered":"https:\/\/rockkofertas.com.es\/index.php\/producto\/b0fsyclgw1\/"},"modified":"2025-11-11T19:11:12","modified_gmt":"2025-11-11T19:11:12","slug":"b0fsyclgw1","status":"publish","type":"product","link":"https:\/\/rockkofertas.com.es\/index.php\/producto\/b0fsyclgw1\/","title":{"rendered":"B0FSYCLGW1"},"content":{"rendered":"<p>&#8211; \u2714\ufe0f Seguridad: nuestro sonajero mordedor garantiza la seguridad del beb\u00e9. Silicona 100% grado alimentario, sin BPA, ftalatos ni plomo. Todas las piezas est\u00e1n Certificadas por laboratorio cumpliendo los est\u00e1ndares de la UE para juguetes de beb\u00e9s (Test Reports PTC25092709501C y PTC25092709502C).<br \/>\n&#8211; \ud83e\uddb7 Mordedor refrigerante beb\u00e9: Las formas del juguete de silicona tienen diferentes puntos de mordida y texturas que masajean las enc\u00edas del beb\u00e9. \u2744\ufe0f Se puede enfriar en el frigor\u00edfico para ofrecer un alivio extra durante la dentici\u00f3n.<br \/>\n&#8211; \ud83d\udd14 Sonajeros beb\u00e9 seguros y blanditos: Mordedor y sonajero en un solo producto. El sonajero est\u00e1 integrado en el interior, evitando piezas sueltas y garantizando total seguridad desde los primeros meses de vida del beb\u00e9.<br \/>\n&#8211; \ud83e\uddfc F\u00e1cil de limpiar: Nuestro mordedor sonajero es seguro y pr\u00e1ctico. Hecho con silicona de grado alimentario, el juguete bebe se puede esterilizar en agua hirviendo o lavavajillas. L\u00e1valo en agua tibia despu\u00e9s de cada uso y deja secar al aire.<br \/>\n&#8211; \ud83e\udd92 Nuevo dise\u00f1o alargado tipo Stick: sonajero y mordedor con forma ergon\u00f3mica y ligera que facilita el agarre. Sus orejitas y manitas con texturas ofrecen un est\u00edmulo sensorial adicional y alivio natural en la etapa de dentici\u00f3n.<br \/>\n&#8211; \ud83c\udfb2 Nuestro producto est\u00e1 recomendado como: sonajero, sonajero bebe 3-6 meses, mordedor, mordedor bebe, mordedor bebe 3-6 meses, juguete bebe 3-6 meses, juguete bebe 6-9 meses.<br \/>\n&#8211; \ud83c\udf81 El regalo perfecto: nuestro mordedor sonajero es el regalo para bebe recien nacido ideal, una de las cosas de beb\u00e9 que no pueden faltar. Seguro y no t\u00f3xico, este juguete para beb\u00e9s alivia las molestias de la dentici\u00f3n y estimula sus sentidos.<\/p>\n","protected":false},"excerpt":{"rendered":"<p>MuyPetit Jirafa Sonajero Stick y Mordedor de Silicona, Libre de BPA y t\u00f3xicos, Sonajeros bebes 6-12 meses, Mordedores bebes 6-12 meses, F\u00e1cil de agarrar, Juegos bebe 0-6 meses (Jirafa Amarilla)<br \/>#Publicidad <span class=\"read-more\"><a class=\"more-link btn btn-transparent\" href=\"https:\/\/rockkofertas.com.es\/index.php\/producto\/b0fsyclgw1\/\">Leer m\u00e1s&#8230;<\/a><\/span><\/p>\n","protected":false},"featured_media":6900,"comment_status":"open","ping_status":"closed","template":"","meta":[],"product_cat":[15],"product_tag":[],"class_list":{"0":"post-6901","1":"product","2":"type-product","3":"status-publish","4":"has-post-thumbnail","6":"product_cat-sin-categorizar","8":"first","9":"instock","10":"shipping-taxable","11":"product-type-external"},"_links":{"self":[{"href":"https:\/\/rockkofertas.com.es\/index.php\/wp-json\/wp\/v2\/product\/6901","targetHints":{"allow":["GET"]}}],"collection":[{"href":"https:\/\/rockkofertas.com.es\/index.php\/wp-json\/wp\/v2\/product"}],"about":[{"href":"https:\/\/rockkofertas.com.es\/index.php\/wp-json\/wp\/v2\/types\/product"}],"replies":[{"embeddable":true,"href":"https:\/\/rockkofertas.com.es\/index.php\/wp-json\/wp\/v2\/comments?post=6901"}],"wp:featuredmedia":[{"embeddable":true,"href":"https:\/\/rockkofertas.com.es\/index.php\/wp-json\/wp\/v2\/media\/6900"}],"wp:attachment":[{"href":"https:\/\/rockkofertas.com.es\/index.php\/wp-json\/wp\/v2\/media?parent=6901"}],"wp:term":[{"taxonomy":"product_cat","embeddable":true,"href":"https:\/\/rockkofertas.com.es\/index.php\/wp-json\/wp\/v2\/product_cat?post=6901"},{"taxonomy":"product_tag","embeddable":true,"href":"https:\/\/rockkofertas.com.es\/index.php\/wp-json\/wp\/v2\/product_tag?post=6901"}],"curies":[{"name":"wp","href":"https:\/\/api.w.org\/{rel}","templated":true}]}}