{"id":6899,"date":"2025-11-11T18:02:53","date_gmt":"2025-11-11T18:02:53","guid":{"rendered":"https:\/\/rockkofertas.com.es\/index.php\/producto\/b0fmdf2nm8\/"},"modified":"2025-11-11T18:02:53","modified_gmt":"2025-11-11T18:02:53","slug":"b0fmdf2nm8","status":"publish","type":"product","link":"https:\/\/rockkofertas.com.es\/index.php\/producto\/b0fmdf2nm8\/","title":{"rendered":"B0FMDF2NM8"},"content":{"rendered":"<p>&#8211; L\u00e1mpara de techo LED de alta calidad: La l\u00e1mpara LED de Kimuwote cuenta con una salida de ahorro de energ\u00eda de 24W y 2400 l\u00famenes, capaz de iluminar cualquier habitaci\u00f3n. Esta l\u00e1mpara de techo equivale a una bombilla incandescente tradicional de 150W, ahorrando m\u00e1s del 85% en costos de electricidad. La carcasa est\u00e1 hecha de material PC+PS resistente, lo que la hace robusta y duradera.<br \/>\n&#8211; Segura y de larga duraci\u00f3n: Usamos LED de alta calidad que proporcionan una iluminaci\u00f3n uniforme y brillante. Adem\u00e1s, cuenta con un dise\u00f1o de fuente de alimentaci\u00f3n con protecci\u00f3n contra cortocircuitos para proteger la seguridad de usted y su familia, as\u00ed como un dise\u00f1o aislante a prueba de impactos que previene eficazmente descargas el\u00e9ctricas y fugas. La l\u00e1mpara de techo tiene una vida \u00fatil de hasta 30,000 horas, siendo eficiente y segura.<br \/>\n&#8211; Temporizador de 1 hora, luz nocturna para quedarse dormido: Puede activar un temporizador de 1 hora antes de dormir y encender la funci\u00f3n de luz nocturna con el control remoto; se apagar\u00e1 autom\u00e1ticamente despu\u00e9s de 1 hora. Esta funci\u00f3n le permite no tener que despertar para apagar la luz, creando un ambiente tranquilo para usted y su familia antes de dormir, ayudando a relajarse y mejorar la calidad del sue\u00f1o, acompa\u00f1\u00e1ndole hasta quedarse dormido.<br \/>\n&#8211; F\u00e1cil de instalar: Esta l\u00e1mpara LED ultrafina se puede instalar en cualquier superficie del techo. Su base dise\u00f1ada ergon\u00f3micamente es compatible con el 99% de las cajas de conexi\u00f3n (consulte las im\u00e1genes adjuntas para los pasos de instalaci\u00f3n). No se requiere ayuda de un electricista, y con los accesorios incluidos puede instalar la l\u00e1mpara de manera f\u00e1cil e independiente.<\/p>\n","protected":false},"excerpt":{"rendered":"<p>Kimuwote Plafon LED Techo Regulable, L\u00e1mpara Techo 24W con Mando, Luz Nocturna Regulable 1800K, Lampara LED Techo 2700K-6500K Adecuado para Dormitorios Habitaciones Infantiles, Salones, \u00d830<br \/>#Publicidad <span class=\"read-more\"><a class=\"more-link btn btn-transparent\" href=\"https:\/\/rockkofertas.com.es\/index.php\/producto\/b0fmdf2nm8\/\">Leer m\u00e1s&#8230;<\/a><\/span><\/p>\n","protected":false},"featured_media":6898,"comment_status":"open","ping_status":"closed","template":"","meta":[],"product_cat":[15],"product_tag":[],"class_list":{"0":"post-6899","1":"product","2":"type-product","3":"status-publish","4":"has-post-thumbnail","6":"product_cat-sin-categorizar","8":"first","9":"instock","10":"shipping-taxable","11":"product-type-external"},"_links":{"self":[{"href":"https:\/\/rockkofertas.com.es\/index.php\/wp-json\/wp\/v2\/product\/6899","targetHints":{"allow":["GET"]}}],"collection":[{"href":"https:\/\/rockkofertas.com.es\/index.php\/wp-json\/wp\/v2\/product"}],"about":[{"href":"https:\/\/rockkofertas.com.es\/index.php\/wp-json\/wp\/v2\/types\/product"}],"replies":[{"embeddable":true,"href":"https:\/\/rockkofertas.com.es\/index.php\/wp-json\/wp\/v2\/comments?post=6899"}],"wp:featuredmedia":[{"embeddable":true,"href":"https:\/\/rockkofertas.com.es\/index.php\/wp-json\/wp\/v2\/media\/6898"}],"wp:attachment":[{"href":"https:\/\/rockkofertas.com.es\/index.php\/wp-json\/wp\/v2\/media?parent=6899"}],"wp:term":[{"taxonomy":"product_cat","embeddable":true,"href":"https:\/\/rockkofertas.com.es\/index.php\/wp-json\/wp\/v2\/product_cat?post=6899"},{"taxonomy":"product_tag","embeddable":true,"href":"https:\/\/rockkofertas.com.es\/index.php\/wp-json\/wp\/v2\/product_tag?post=6899"}],"curies":[{"name":"wp","href":"https:\/\/api.w.org\/{rel}","templated":true}]}}