{"id":6889,"date":"2025-11-11T12:00:48","date_gmt":"2025-11-11T12:00:48","guid":{"rendered":"https:\/\/rockkofertas.com.es\/index.php\/producto\/b0dfy6kbnt\/"},"modified":"2025-11-11T12:00:48","modified_gmt":"2025-11-11T12:00:48","slug":"b0dfy6kbnt","status":"publish","type":"product","link":"https:\/\/rockkofertas.com.es\/index.php\/producto\/b0dfy6kbnt\/","title":{"rendered":"B0DFY6KBNT"},"content":{"rendered":"<p>&#8211; Marco de madera listo para colgar: nuestra pintura de lienzo se ha estirado a mano en un marco de madera y puede colocar un gancho para colgar en el marco, por lo que est\u00e1 listo para colgar del paquete.<br \/>\n&#8211; Lienzo de calidad superior: arte de pared con tema de arte abstracto moderno.Es una impresi\u00f3n de lienzo HD de calidad de archivo, impresi\u00f3n de im\u00e1genes de colores vivos en lienzo, mucho tiempo sin desvanecimiento.<br \/>\n&#8211; Lienzos llamativos Decoraci\u00f3n de pared: Hermoso arte de pared para la idea de decoraci\u00f3n del interior del hogar o regalo para familiares y amigos. Elija una obra de arte perfecta que sus amigos y familiares admirar\u00e1n durante a\u00f1os. Un maravilloso lienzo enmarcado para colgar en la sala de estar, el dormitorio o la cocina, la oficina, el hotel. La hermosa decoraci\u00f3n de la pared del apartamento para cualquier habitaci\u00f3n que desee iluminar, como sala de estar, oficina o sala de espera.<br \/>\n&#8211; Elecci\u00f3n de regalos personalizados: nuestro arte de pared en lienzo tambi\u00e9n es un regalo \u00fanico, es una gran e inesperada sorpresa.Un regalo perfecto para sus familiares y amigos.<br \/>\n&#8211; Garant\u00eda de satisfacci\u00f3n del 100%: si tiene alguna pregunta, env\u00edenos un correo electr\u00f3nico la primera vez para actualizar la satisfacci\u00f3n del servicio.<\/p>\n","protected":false},"excerpt":{"rendered":"<p>Marco de Madera Grandes Cuadros Decoracion Salon Modernos Lienzo Decorativo Acuarela Abstracta Pintura Imagen Ola de Mar Azul Marino Dorado Cuadros Decorativos Salon Dormitorio Pasillo 50x120cm<br \/>\n#Publicidad <span class=\"read-more\"><a class=\"more-link btn btn-transparent\" href=\"https:\/\/rockkofertas.com.es\/index.php\/producto\/b0dfy6kbnt\/\">Leer m\u00e1s&#8230;<\/a><\/span><\/p>\n","protected":false},"featured_media":6888,"comment_status":"open","ping_status":"closed","template":"","meta":[],"product_cat":[15],"product_tag":[],"class_list":{"0":"post-6889","1":"product","2":"type-product","3":"status-publish","4":"has-post-thumbnail","6":"product_cat-sin-categorizar","8":"first","9":"instock","10":"shipping-taxable","11":"product-type-external"},"_links":{"self":[{"href":"https:\/\/rockkofertas.com.es\/index.php\/wp-json\/wp\/v2\/product\/6889","targetHints":{"allow":["GET"]}}],"collection":[{"href":"https:\/\/rockkofertas.com.es\/index.php\/wp-json\/wp\/v2\/product"}],"about":[{"href":"https:\/\/rockkofertas.com.es\/index.php\/wp-json\/wp\/v2\/types\/product"}],"replies":[{"embeddable":true,"href":"https:\/\/rockkofertas.com.es\/index.php\/wp-json\/wp\/v2\/comments?post=6889"}],"wp:featuredmedia":[{"embeddable":true,"href":"https:\/\/rockkofertas.com.es\/index.php\/wp-json\/wp\/v2\/media\/6888"}],"wp:attachment":[{"href":"https:\/\/rockkofertas.com.es\/index.php\/wp-json\/wp\/v2\/media?parent=6889"}],"wp:term":[{"taxonomy":"product_cat","embeddable":true,"href":"https:\/\/rockkofertas.com.es\/index.php\/wp-json\/wp\/v2\/product_cat?post=6889"},{"taxonomy":"product_tag","embeddable":true,"href":"https:\/\/rockkofertas.com.es\/index.php\/wp-json\/wp\/v2\/product_tag?post=6889"}],"curies":[{"name":"wp","href":"https:\/\/api.w.org\/{rel}","templated":true}]}}