{"id":6881,"date":"2025-11-11T04:00:39","date_gmt":"2025-11-11T04:00:39","guid":{"rendered":"https:\/\/rockkofertas.com.es\/index.php\/producto\/b0dytmrn7v\/"},"modified":"2025-11-11T04:00:39","modified_gmt":"2025-11-11T04:00:39","slug":"b0dytmrn7v","status":"publish","type":"product","link":"https:\/\/rockkofertas.com.es\/index.php\/producto\/b0dytmrn7v\/","title":{"rendered":"B0DYTMRN7V"},"content":{"rendered":"<p>&#8211; \u3010TAMA\u00d1O GRANDE\u3011 El tama\u00f1o de nuestra red de camuflaje es de 4x6m, el tama\u00f1o de la red es de 600x400x0,5cm, lo suficientemente grande como para ocultar un autom\u00f3vil, ideal para decoraciones al aire libre, el gran tama\u00f1o de la red de camuflaje se puede personalizar para el corte de bricolaje, puede cortarlo f\u00e1cilmente al tama\u00f1o que desee.<br \/>\n&#8211; \u3010MATERIAL\u3011 La red de camuflaje est\u00e1 hecha de tela Oxford 150D, que est\u00e1 reforzada con una cuerda de malla de nylon en la parte posterior. No se rasga f\u00e1cilmente cuando se tira y los bordes est\u00e1n asegurados con varios lazos de cuerda peque\u00f1os. La red de camuflaje es ligera e impermeable y se seca r\u00e1pidamente.<br \/>\n&#8211; \u3010Stretchable\u3011La red de camuflaje est\u00e1 reforzada con tejido de nylon engrosado, resistente a la corrosi\u00f3n y muy resistente al desgarro. El tejido de nylon engrosado es muy robusto y resistente al desgarro. La red de camuflaje est\u00e1 hecha de cuerda de nylon, que es lo suficientemente fuerte como para colgar o asegurar objetos.<br \/>\n&#8211; \u3010Temperature resistant\u3011 la red de camuflaje funciona bien en temperaturas de -40 a +50 grados Celsius y se puede utilizar como protecci\u00f3n solar, cubierta, pantalla de privacidad o decoraci\u00f3n. La red de camuflaje verde tiene una reflectancia espectral de menos de 0,5 en el rango infrarrojo cercano, por lo que la probabilidad de ser detectado es muy baja, por lo que es adecuado para su uso como decoraci\u00f3n para juegos de CS al aire libre.<br \/>\n&#8211; \u3010Vers\u00e1til uso\u3011 la red de camuflaje es adecuada para acampar, cazar, disparar, ocultar, sombrear, fondo de escenario, decoraci\u00f3n, camuflaje. Adecuado para fotograf\u00eda, observaci\u00f3n de aves y animales, caza y otras actividades en escondites. Puede cubrir objetos o sombrear el sol para decorar mejor su jard\u00edn y patio.<\/p>\n","protected":false},"excerpt":{"rendered":"<p>NEWFUN 4x6M Red de Camuflaje Sombra Exterior para Caza, Camping, Bosque, Jard\u00edn y Otras Escenas, Red Militar de Camuflaje<br \/>\n#Publicidad <span class=\"read-more\"><a class=\"more-link btn btn-transparent\" href=\"https:\/\/rockkofertas.com.es\/index.php\/producto\/b0dytmrn7v\/\">Leer m\u00e1s&#8230;<\/a><\/span><\/p>\n","protected":false},"featured_media":6880,"comment_status":"open","ping_status":"closed","template":"","meta":[],"product_cat":[15],"product_tag":[],"class_list":{"0":"post-6881","1":"product","2":"type-product","3":"status-publish","4":"has-post-thumbnail","6":"product_cat-sin-categorizar","8":"first","9":"instock","10":"shipping-taxable","11":"product-type-external"},"_links":{"self":[{"href":"https:\/\/rockkofertas.com.es\/index.php\/wp-json\/wp\/v2\/product\/6881","targetHints":{"allow":["GET"]}}],"collection":[{"href":"https:\/\/rockkofertas.com.es\/index.php\/wp-json\/wp\/v2\/product"}],"about":[{"href":"https:\/\/rockkofertas.com.es\/index.php\/wp-json\/wp\/v2\/types\/product"}],"replies":[{"embeddable":true,"href":"https:\/\/rockkofertas.com.es\/index.php\/wp-json\/wp\/v2\/comments?post=6881"}],"wp:featuredmedia":[{"embeddable":true,"href":"https:\/\/rockkofertas.com.es\/index.php\/wp-json\/wp\/v2\/media\/6880"}],"wp:attachment":[{"href":"https:\/\/rockkofertas.com.es\/index.php\/wp-json\/wp\/v2\/media?parent=6881"}],"wp:term":[{"taxonomy":"product_cat","embeddable":true,"href":"https:\/\/rockkofertas.com.es\/index.php\/wp-json\/wp\/v2\/product_cat?post=6881"},{"taxonomy":"product_tag","embeddable":true,"href":"https:\/\/rockkofertas.com.es\/index.php\/wp-json\/wp\/v2\/product_tag?post=6881"}],"curies":[{"name":"wp","href":"https:\/\/api.w.org\/{rel}","templated":true}]}}