{"id":6867,"date":"2025-11-10T16:00:47","date_gmt":"2025-11-10T16:00:47","guid":{"rendered":"https:\/\/rockkofertas.com.es\/index.php\/producto\/b0cmtbm73h\/"},"modified":"2025-11-10T16:00:47","modified_gmt":"2025-11-10T16:00:47","slug":"b0cmtbm73h","status":"publish","type":"product","link":"https:\/\/rockkofertas.com.es\/index.php\/producto\/b0cmtbm73h\/","title":{"rendered":"B0CMTBM73H"},"content":{"rendered":"<p>&#8211; Dise\u00f1o arqueado moderno: el dise\u00f1o arqueado de este arco espejo de 165 cent\u00edmetros le brinda una nueva experiencia visual y se convierte en el foco de su habitaci\u00f3n. Ya sea que quieras hacer que un peque\u00f1o espacio se sienta m\u00e1s grande o agregar un toque de lujo a la casa, el espejo de todo el cuerpo del dormitorio es un buen punto de partida<br \/>\n&#8211; Vidrio a prueba de explosiones de alta definici\u00f3n: el espejo de aterrizaje est\u00e1 hecho de vidrio a prueba de rotura de alta definici\u00f3n y puede proporcionar reflejos no distorsionados. La parte posterior est\u00e1 cubierta con pel\u00edcula a prueba de explosiones, que no se derramar\u00e1 incluso si se ve afectada por fuerzas externas, proporcionando m\u00e1s protecci\u00f3n y durabilidad<br \/>\n&#8211; Espejo de tama\u00f1o completo: espejo arqueado de tama\u00f1o completo 165x60cm puede proporcionar suficiente luz a la habitaci\u00f3n. El moderno espejo de pie de longitud completa no solo te permite ver todo tu cuerpo de un vistazo, sino que tambi\u00e9n es una decoraci\u00f3n perfecta para dormitorios, salas de estar, pasillos, entradas y vestuarios<br \/>\n&#8211; Espejos de aterrizaje y colgantes de pared: los espejos de aterrizaje grandes se pueden apoyar en la pared, pueden estar de pie libremente o pueden colgarse en la pared con tornillos. El soporte de caballete incorporado ofrece un buen soporte y estabilidad, integrado con su moderna decoraci\u00f3n del hogar, haciendo que la habitaci\u00f3n sea m\u00e1s brillante<br \/>\n&#8211; Servicio post &#8211; venta r\u00e1pido: hemos reforzado el embalaje protector para evitar da\u00f1os en espejos grandes y grandes durante el transporte. El espejo de aterrizaje es ideal para regalos de cumplea\u00f1os, decoraciones de San Valent\u00edn u otros regalos festivos. Si tiene alguna pregunta, no dude en ponerse en contacto con nosotros.<\/p>\n","protected":false},"excerpt":{"rendered":"<p>CASSILANDO Espejo de Cuerpo Entero, 165 x 60 cm, Espejo Curvado, Espejo de Suelo con Soporte, Colgante o apoyado en la Pared, Espejo de pie, Espejo Grande para Dormitorio (Dorado)<br \/>\n#Publicidad <span class=\"read-more\"><a class=\"more-link btn btn-transparent\" href=\"https:\/\/rockkofertas.com.es\/index.php\/producto\/b0cmtbm73h\/\">Leer m\u00e1s&#8230;<\/a><\/span><\/p>\n","protected":false},"featured_media":6866,"comment_status":"open","ping_status":"closed","template":"","meta":[],"product_cat":[15],"product_tag":[],"class_list":{"0":"post-6867","1":"product","2":"type-product","3":"status-publish","4":"has-post-thumbnail","6":"product_cat-sin-categorizar","8":"first","9":"instock","10":"shipping-taxable","11":"product-type-external"},"_links":{"self":[{"href":"https:\/\/rockkofertas.com.es\/index.php\/wp-json\/wp\/v2\/product\/6867","targetHints":{"allow":["GET"]}}],"collection":[{"href":"https:\/\/rockkofertas.com.es\/index.php\/wp-json\/wp\/v2\/product"}],"about":[{"href":"https:\/\/rockkofertas.com.es\/index.php\/wp-json\/wp\/v2\/types\/product"}],"replies":[{"embeddable":true,"href":"https:\/\/rockkofertas.com.es\/index.php\/wp-json\/wp\/v2\/comments?post=6867"}],"wp:featuredmedia":[{"embeddable":true,"href":"https:\/\/rockkofertas.com.es\/index.php\/wp-json\/wp\/v2\/media\/6866"}],"wp:attachment":[{"href":"https:\/\/rockkofertas.com.es\/index.php\/wp-json\/wp\/v2\/media?parent=6867"}],"wp:term":[{"taxonomy":"product_cat","embeddable":true,"href":"https:\/\/rockkofertas.com.es\/index.php\/wp-json\/wp\/v2\/product_cat?post=6867"},{"taxonomy":"product_tag","embeddable":true,"href":"https:\/\/rockkofertas.com.es\/index.php\/wp-json\/wp\/v2\/product_tag?post=6867"}],"curies":[{"name":"wp","href":"https:\/\/api.w.org\/{rel}","templated":true}]}}