{"id":6863,"date":"2025-11-10T12:00:50","date_gmt":"2025-11-10T12:00:50","guid":{"rendered":"https:\/\/rockkofertas.com.es\/index.php\/producto\/b0chw1cp7y\/"},"modified":"2025-11-10T12:00:50","modified_gmt":"2025-11-10T12:00:50","slug":"b0chw1cp7y","status":"publish","type":"product","link":"https:\/\/rockkofertas.com.es\/index.php\/producto\/b0chw1cp7y\/","title":{"rendered":"B0CHW1CP7Y"},"content":{"rendered":"<p>&#8211; AHORRO ENERG\u00c9TICO: su salida de calor de 800W es muy eficiente en cuanto al ahorro energ\u00e9tico, lo que te permite disfrutar de su uso sin preocuparse por el gasto de energ\u00eda.<br \/>\n&#8211; PROTECCI\u00d3N CONTRA SOBRECALENTAMIENTO: Despreocupate por completo de cualquier peligro gracias a su importante protecci\u00f3n contra el sobrecalentamiento.<br \/>\n&#8211; 7 ELEMENTOS DE CALOR: Su potencia de 800 W se reparte entre 7 elementos distintos que permiten distribuir el calor para as\u00ed poder alcanzar el calentamiento de la habitaci\u00f3n de manera r\u00e1pida y eficaz.<br \/>\n&#8211; ALTA CALIDAD Y DURABILIDAD: Su dise\u00f1o moderno en acero inoxidable no solo le aporta gran calidad sino tambi\u00e9n una larga vida \u00fatil para que puedas disfrutar de este electrodom\u00e9stico durante mucho tiempo.<br \/>\n&#8211; APROVECHAMIENTO DEL ESPACIO: Sus medidas (43 x 17 x 39 cm) y su peso (4.93 kilogramos) te permiten aprovechar al m\u00e1ximo de tu espacio, pudiendo colocarlo casi en cualquier sitio y desplazarlo con facilidad. Ahorre dinero y energ\u00eda con la m\u00e1xima eficiencia energ\u00e9tica en este calentador de 9 m\u00f3dulos.<\/p>\n","protected":false},"excerpt":{"rendered":"<p>Grunkel &#8211; Radiador de Aceite de 7 a 9 elementos RACP-100 Emisor de calor de bajo consumo 3 niveles de calor regulables, termostato y sistema de protecci\u00f3n sobrecalentamiento. (1000, Vatios)<br \/>\n#Publicidad <span class=\"read-more\"><a class=\"more-link btn btn-transparent\" href=\"https:\/\/rockkofertas.com.es\/index.php\/producto\/b0chw1cp7y\/\">Leer m\u00e1s&#8230;<\/a><\/span><\/p>\n","protected":false},"featured_media":6862,"comment_status":"open","ping_status":"closed","template":"","meta":[],"product_cat":[15],"product_tag":[],"class_list":{"0":"post-6863","1":"product","2":"type-product","3":"status-publish","4":"has-post-thumbnail","6":"product_cat-sin-categorizar","8":"first","9":"instock","10":"shipping-taxable","11":"product-type-external"},"_links":{"self":[{"href":"https:\/\/rockkofertas.com.es\/index.php\/wp-json\/wp\/v2\/product\/6863","targetHints":{"allow":["GET"]}}],"collection":[{"href":"https:\/\/rockkofertas.com.es\/index.php\/wp-json\/wp\/v2\/product"}],"about":[{"href":"https:\/\/rockkofertas.com.es\/index.php\/wp-json\/wp\/v2\/types\/product"}],"replies":[{"embeddable":true,"href":"https:\/\/rockkofertas.com.es\/index.php\/wp-json\/wp\/v2\/comments?post=6863"}],"wp:featuredmedia":[{"embeddable":true,"href":"https:\/\/rockkofertas.com.es\/index.php\/wp-json\/wp\/v2\/media\/6862"}],"wp:attachment":[{"href":"https:\/\/rockkofertas.com.es\/index.php\/wp-json\/wp\/v2\/media?parent=6863"}],"wp:term":[{"taxonomy":"product_cat","embeddable":true,"href":"https:\/\/rockkofertas.com.es\/index.php\/wp-json\/wp\/v2\/product_cat?post=6863"},{"taxonomy":"product_tag","embeddable":true,"href":"https:\/\/rockkofertas.com.es\/index.php\/wp-json\/wp\/v2\/product_tag?post=6863"}],"curies":[{"name":"wp","href":"https:\/\/api.w.org\/{rel}","templated":true}]}}