{"id":6857,"date":"2025-11-10T08:00:50","date_gmt":"2025-11-10T08:00:50","guid":{"rendered":"https:\/\/rockkofertas.com.es\/index.php\/producto\/b095srnr3h\/"},"modified":"2025-11-10T08:00:50","modified_gmt":"2025-11-10T08:00:50","slug":"b095srnr3h","status":"publish","type":"product","link":"https:\/\/rockkofertas.com.es\/index.php\/producto\/b095srnr3h\/","title":{"rendered":"B095SRNR3H"},"content":{"rendered":"<p>&#8211; CAFETERA DE GOTEO. 600W de potencia con filtro permanente que te permitir\u00e1 preparar un delicioso caf\u00e9 americano. Su jarra de 0.6L tiene capacidad para preparar hasta 6 tazas<br \/>\n&#8211; PLACA CALEFACTORA. Equipada con una placa calefactora antiadherente en la base, mantiene caliente la bebida en la jarra durante al menos 1 hora<br \/>\n&#8211; JARRA DE CRISTAL Y DOSIFICADOR. La jarra de cristal es resistente a altas temperaturas por lo que mantiene caliente el caf\u00e9 conservando intacto todo el aroma. Con el cazo dosificador de caf\u00e9 podr\u00e1s preparar siempre la cantidad que desees<br \/>\n&#8211; USO F\u00c1CIL Y LIMPIO. Su sistema antigoteo evita derrames indeseados y basta con presionar un solo bot\u00f3n para que empiece a funcionar. Cuenta adem\u00e1s con apagado autom\u00e1tico, la cafetera se apagar\u00e1 una vez la bebida est\u00e9 lista<br \/>\n&#8211; FILTRO PERMANENTE EXTRAIBLE. Muy f\u00e1cil de limpiar gracias a su portafiltro pivotante y extra\u00edble. Una vez finalizado el uso basta con un solo clic para remover el filtro y lavarlo para un nuevo uso<\/p>\n","protected":false},"excerpt":{"rendered":"<p>Ufesa Capriccio Cafetera de Goteo, 6 Tazas, 600W, Jarra 0.6L, Filtro Permanente, Placa Calefactora Antiadherente, Sistema Antigoteo, Auto Apagado, Azul\/Verdoso<br \/>\n#Publicidad <span class=\"read-more\"><a class=\"more-link btn btn-transparent\" href=\"https:\/\/rockkofertas.com.es\/index.php\/producto\/b095srnr3h\/\">Leer m\u00e1s&#8230;<\/a><\/span><\/p>\n","protected":false},"featured_media":6856,"comment_status":"open","ping_status":"closed","template":"","meta":[],"product_cat":[15],"product_tag":[],"class_list":{"0":"post-6857","1":"product","2":"type-product","3":"status-publish","4":"has-post-thumbnail","6":"product_cat-sin-categorizar","8":"first","9":"instock","10":"shipping-taxable","11":"product-type-external"},"_links":{"self":[{"href":"https:\/\/rockkofertas.com.es\/index.php\/wp-json\/wp\/v2\/product\/6857","targetHints":{"allow":["GET"]}}],"collection":[{"href":"https:\/\/rockkofertas.com.es\/index.php\/wp-json\/wp\/v2\/product"}],"about":[{"href":"https:\/\/rockkofertas.com.es\/index.php\/wp-json\/wp\/v2\/types\/product"}],"replies":[{"embeddable":true,"href":"https:\/\/rockkofertas.com.es\/index.php\/wp-json\/wp\/v2\/comments?post=6857"}],"wp:featuredmedia":[{"embeddable":true,"href":"https:\/\/rockkofertas.com.es\/index.php\/wp-json\/wp\/v2\/media\/6856"}],"wp:attachment":[{"href":"https:\/\/rockkofertas.com.es\/index.php\/wp-json\/wp\/v2\/media?parent=6857"}],"wp:term":[{"taxonomy":"product_cat","embeddable":true,"href":"https:\/\/rockkofertas.com.es\/index.php\/wp-json\/wp\/v2\/product_cat?post=6857"},{"taxonomy":"product_tag","embeddable":true,"href":"https:\/\/rockkofertas.com.es\/index.php\/wp-json\/wp\/v2\/product_tag?post=6857"}],"curies":[{"name":"wp","href":"https:\/\/api.w.org\/{rel}","templated":true}]}}