{"id":6815,"date":"2025-11-08T17:35:59","date_gmt":"2025-11-08T17:35:59","guid":{"rendered":"https:\/\/rockkofertas.com.es\/index.php\/producto\/b0ft2dgh5x\/"},"modified":"2025-11-08T17:35:59","modified_gmt":"2025-11-08T17:35:59","slug":"b0ft2dgh5x","status":"publish","type":"product","link":"https:\/\/rockkofertas.com.es\/index.php\/producto\/b0ft2dgh5x\/","title":{"rendered":"B0FT2DGH5X"},"content":{"rendered":"<p>&#8211; \u3010Potente\u3011Nuestra aspiradora port\u00e1til cuenta con un potente motor de alta velocidad y una fuerza de succi\u00f3n de 12000 Pa, lo que permite eliminar sin esfuerzo el polvo, el pelo de las mascotas y las migas de comida. El dise\u00f1o inal\u00e1mbrico garantiza una limpieza conveniente donde y cuando lo necesite.<br \/>\n&#8211; \u30104 boquillas\u3011La aspiradora port\u00e1til tiene 4 boquillas para usos m\u00faltiples. \u2460La boquilla para piso puede limpiar el sof\u00e1, el piso, la cama, la mesa y m\u00e1s. \u2461La boquilla plana recoge peque\u00f1os trozos de papel o migas. \u2462 La boquilla con cepillo puede limpiar el polvo en peque\u00f1os espacios (espacio de ventana). \u2463La boquilla extensible puede limpiar el \u00e1rea de dif\u00edcil acceso.<br \/>\n&#8211; \u3010Ligero\u3011La aspiradora pesa solo 0,85 libras, cuenta con un dise\u00f1o inal\u00e1mbrico para liberarlo de la molestia de los cables, ahorrando tiempo y mejorando la eficiencia de la limpieza. Ofrece hasta 30 minutos de tiempo de funcionamiento con una carga completa.<br \/>\n&#8211; \u3010Filtro reutilizable\u3011La aspiradora cuenta con un recipiente recolector de polvo de 200ml que se puede girar y desmontar f\u00e1cilmente para una r\u00e1pida eliminaci\u00f3n del polvo. El filtro lavable se puede reutilizar despu\u00e9s del secado, lo que garantiza un uso duradero y eficiente. Nuestra aspiradora es perfecta para limpiar casas, interiores de autom\u00f3viles, teclados, sof\u00e1s, esquinas, grietas e incluso para uso en exteriores.<br \/>\n&#8211; \u3010Actualizaci\u00f3n de reducci\u00f3n de ruido\u3011El dise\u00f1o compacto cabe perfectamente en su caj\u00f3n, gabinete o autom\u00f3vil sin ocupar espacio innecesario. Y con el cable de carga, ya sea en el autom\u00f3vil, en casa o usando un banco de energ\u00eda con una ranura USB, esta aspiradora es ideal para uso diario y en movimiento.<\/p>\n","protected":false},"excerpt":{"rendered":"<p>Welch&#8217;s Aspirador de Mano,Aspirador de Mano sin Cable,12000PA\/S\u00f3lidos y L\u00edquidos,Aspiradora Port\u00e1til Mini para Coche Potente,Aspiradora de Mano para sof\u00e1,Coche,Hogar,Oficina<br \/>#Publicidad <span class=\"read-more\"><a class=\"more-link btn btn-transparent\" href=\"https:\/\/rockkofertas.com.es\/index.php\/producto\/b0ft2dgh5x\/\">Leer m\u00e1s&#8230;<\/a><\/span><\/p>\n","protected":false},"featured_media":6814,"comment_status":"open","ping_status":"closed","template":"","meta":[],"product_cat":[15],"product_tag":[],"class_list":{"0":"post-6815","1":"product","2":"type-product","3":"status-publish","4":"has-post-thumbnail","6":"product_cat-sin-categorizar","8":"first","9":"instock","10":"shipping-taxable","11":"product-type-external"},"_links":{"self":[{"href":"https:\/\/rockkofertas.com.es\/index.php\/wp-json\/wp\/v2\/product\/6815","targetHints":{"allow":["GET"]}}],"collection":[{"href":"https:\/\/rockkofertas.com.es\/index.php\/wp-json\/wp\/v2\/product"}],"about":[{"href":"https:\/\/rockkofertas.com.es\/index.php\/wp-json\/wp\/v2\/types\/product"}],"replies":[{"embeddable":true,"href":"https:\/\/rockkofertas.com.es\/index.php\/wp-json\/wp\/v2\/comments?post=6815"}],"wp:featuredmedia":[{"embeddable":true,"href":"https:\/\/rockkofertas.com.es\/index.php\/wp-json\/wp\/v2\/media\/6814"}],"wp:attachment":[{"href":"https:\/\/rockkofertas.com.es\/index.php\/wp-json\/wp\/v2\/media?parent=6815"}],"wp:term":[{"taxonomy":"product_cat","embeddable":true,"href":"https:\/\/rockkofertas.com.es\/index.php\/wp-json\/wp\/v2\/product_cat?post=6815"},{"taxonomy":"product_tag","embeddable":true,"href":"https:\/\/rockkofertas.com.es\/index.php\/wp-json\/wp\/v2\/product_tag?post=6815"}],"curies":[{"name":"wp","href":"https:\/\/api.w.org\/{rel}","templated":true}]}}