{"id":6807,"date":"2025-11-08T08:16:44","date_gmt":"2025-11-08T08:16:44","guid":{"rendered":"https:\/\/rockkofertas.com.es\/index.php\/producto\/b0fmd9lz8j\/"},"modified":"2025-11-08T08:16:44","modified_gmt":"2025-11-08T08:16:44","slug":"b0fmd9lz8j","status":"publish","type":"product","link":"https:\/\/rockkofertas.com.es\/index.php\/producto\/b0fmd9lz8j\/","title":{"rendered":"B0FMD9LZ8J"},"content":{"rendered":"<p>&#8211; Dise\u00f1o: organizador de cosm\u00e9ticos giratorio 360\u00b0 con elegantes pies dorados y superficie blanca acanalada para una est\u00e9tica moderna<br \/>\n&#8211; Dimensiones: tama\u00f1o compacto de 14 cm de di\u00e1metro y 13,5 cm de altura, ideal para tocadores y ba\u00f1os<br \/>\n&#8211; Organizaci\u00f3n: m\u00faltiples compartimentos para guardar pinceles de maquillaje, l\u00e1pices y productos de belleza<br \/>\n&#8211; FUNCIONALIDAD: El mecanismo giratorio permite un f\u00e1cil acceso a todos los productos desde todos los lados<br \/>\n&#8211; Versatilidad: adecuado como soporte para pinceles de maquillaje, organizador de escritorio o elemento de almacenamiento decorativo<\/p>\n","protected":false},"excerpt":{"rendered":"<p>PIQIUQIU Organizador de maquillaje cosm\u00e9tico, giratorio 360\u00b0, soporte multifuncional para brochas de maquillaje, 14 x 13,5 cm, color blanco<br \/>#Publicidad <span class=\"read-more\"><a class=\"more-link btn btn-transparent\" href=\"https:\/\/rockkofertas.com.es\/index.php\/producto\/b0fmd9lz8j\/\">Leer m\u00e1s&#8230;<\/a><\/span><\/p>\n","protected":false},"featured_media":6806,"comment_status":"open","ping_status":"closed","template":"","meta":[],"product_cat":[15],"product_tag":[],"class_list":{"0":"post-6807","1":"product","2":"type-product","3":"status-publish","4":"has-post-thumbnail","6":"product_cat-sin-categorizar","8":"first","9":"instock","10":"shipping-taxable","11":"product-type-external"},"_links":{"self":[{"href":"https:\/\/rockkofertas.com.es\/index.php\/wp-json\/wp\/v2\/product\/6807","targetHints":{"allow":["GET"]}}],"collection":[{"href":"https:\/\/rockkofertas.com.es\/index.php\/wp-json\/wp\/v2\/product"}],"about":[{"href":"https:\/\/rockkofertas.com.es\/index.php\/wp-json\/wp\/v2\/types\/product"}],"replies":[{"embeddable":true,"href":"https:\/\/rockkofertas.com.es\/index.php\/wp-json\/wp\/v2\/comments?post=6807"}],"wp:featuredmedia":[{"embeddable":true,"href":"https:\/\/rockkofertas.com.es\/index.php\/wp-json\/wp\/v2\/media\/6806"}],"wp:attachment":[{"href":"https:\/\/rockkofertas.com.es\/index.php\/wp-json\/wp\/v2\/media?parent=6807"}],"wp:term":[{"taxonomy":"product_cat","embeddable":true,"href":"https:\/\/rockkofertas.com.es\/index.php\/wp-json\/wp\/v2\/product_cat?post=6807"},{"taxonomy":"product_tag","embeddable":true,"href":"https:\/\/rockkofertas.com.es\/index.php\/wp-json\/wp\/v2\/product_tag?post=6807"}],"curies":[{"name":"wp","href":"https:\/\/api.w.org\/{rel}","templated":true}]}}