{"id":6777,"date":"2025-11-07T14:20:36","date_gmt":"2025-11-07T14:20:36","guid":{"rendered":"https:\/\/rockkofertas.com.es\/index.php\/producto\/b0fzb9ntv2\/"},"modified":"2025-11-07T14:20:36","modified_gmt":"2025-11-07T14:20:36","slug":"b0fzb9ntv2","status":"publish","type":"product","link":"https:\/\/rockkofertas.com.es\/index.php\/producto\/b0fzb9ntv2\/","title":{"rendered":"B0FZB9NTV2"},"content":{"rendered":"<p>&#8211; Visual \u00fanico: Inmersi\u00f3n: Entra en tu mundo del entretenimiento. Nuestras gafas de realidad virtual (con auriculares integrados) utilizan tecnolog\u00eda \u00f3ptica avanzada y pantalla para mostrar im\u00e1genes de alta definici\u00f3n incre\u00edblemente claras. No solo miras una pantalla; est\u00e1s en el centro de la acci\u00f3n en juegos y pel\u00edculas en 3D, con cada detalle v\u00edvidamente te rodea.<br \/>\n&#8211; Compatibilidad universal para tu smartphone: nuestras gafas de realidad virtual con auriculares funcionan perfectamente con casi todos los tel\u00e9fonos inteligentes modernos de 4,7 a 6,7 pulgadas. No importa si es iOS o Android, simplemente inserta tu smartphone, ajusta el ajuste con la banda ajustable, lentes y distancia de pupila y sum\u00e9rgete. Es as\u00ed de simple.<br \/>\n&#8211; Sonido 3D espacial: no solo lo escuches, est\u00e1s en el medio. Los auriculares Hi-Fi integrados de nuestras gafas de realidad virtual con sonido envolvente 3D te pondr\u00e1n en el centro del mundo del sonido. En combinaci\u00f3n con un aislamiento ac\u00fastico eficaz, deja atr\u00e1s el ruido externo y sum\u00e9rgete completamente en los ricos detalles ac\u00fasticos de los juegos y las pel\u00edculas.<br \/>\n&#8211; Comodidad para llevar todo el d\u00eda: nuestros auriculares de realidad virtual con auriculares est\u00e1n dise\u00f1ados para durar mucho tiempo. La construcci\u00f3n ultraligera minimiza los puntos de presi\u00f3n. El material de acolchado suave y transpirable distribuye el peso de manera uniforme y alivia la tensi\u00f3n facial, mientras que la diadema ajustable garantiza un ajuste seguro pero suave para cada tipo de cabeza.<br \/>\n&#8211; Amplio campo de visi\u00f3n: fabricado con materiales \u00f3pticos de alta calidad, estas lentes de gran angular proporcionan un campo de visi\u00f3n de 180 grados completamente inmersivo en tus gafas de realidad virtual con auriculares. El sistema de ajuste dual permite un ajuste preciso de la distancia de la pupila y la distancia focal para una claridad n\u00edtida, garantizado para cada usuario en todas las experiencias de realidad virtual.<br \/>\n&#8211; Hecho para durar: fiabilidad para una experiencia sin preocupaciones: nuestros auriculares de realidad virtual con auriculares est\u00e1n dise\u00f1ados con una construcci\u00f3n robusta que puede soportar los rigores del uso diario mientras mantiene un rendimiento constante. Cada unidad pasa rigurosas pruebas de control de calidad para verificar su durabilidad. Respaldado por un servicio al cliente receptivo que ofrece soluciones r\u00e1pidas y efectivas, puede sumergirse en sus aventuras virtuales con confianza.<\/p>\n","protected":false},"excerpt":{"rendered":"<p>FIYAPOO Gafas de realidad virtual para tel\u00e9fono m\u00f3vil con auriculares HiFi, gafas 3D realidad virtual para pel\u00edculas y juegos, compatibles con casi todos los smartphones (4,7-6,7 pulgadas)<br \/>#Publicidad <span class=\"read-more\"><a class=\"more-link btn btn-transparent\" href=\"https:\/\/rockkofertas.com.es\/index.php\/producto\/b0fzb9ntv2\/\">Leer m\u00e1s&#8230;<\/a><\/span><\/p>\n","protected":false},"featured_media":6776,"comment_status":"open","ping_status":"closed","template":"","meta":[],"product_cat":[15],"product_tag":[],"class_list":{"0":"post-6777","1":"product","2":"type-product","3":"status-publish","4":"has-post-thumbnail","6":"product_cat-sin-categorizar","8":"first","9":"instock","10":"shipping-taxable","11":"product-type-external"},"_links":{"self":[{"href":"https:\/\/rockkofertas.com.es\/index.php\/wp-json\/wp\/v2\/product\/6777","targetHints":{"allow":["GET"]}}],"collection":[{"href":"https:\/\/rockkofertas.com.es\/index.php\/wp-json\/wp\/v2\/product"}],"about":[{"href":"https:\/\/rockkofertas.com.es\/index.php\/wp-json\/wp\/v2\/types\/product"}],"replies":[{"embeddable":true,"href":"https:\/\/rockkofertas.com.es\/index.php\/wp-json\/wp\/v2\/comments?post=6777"}],"wp:featuredmedia":[{"embeddable":true,"href":"https:\/\/rockkofertas.com.es\/index.php\/wp-json\/wp\/v2\/media\/6776"}],"wp:attachment":[{"href":"https:\/\/rockkofertas.com.es\/index.php\/wp-json\/wp\/v2\/media?parent=6777"}],"wp:term":[{"taxonomy":"product_cat","embeddable":true,"href":"https:\/\/rockkofertas.com.es\/index.php\/wp-json\/wp\/v2\/product_cat?post=6777"},{"taxonomy":"product_tag","embeddable":true,"href":"https:\/\/rockkofertas.com.es\/index.php\/wp-json\/wp\/v2\/product_tag?post=6777"}],"curies":[{"name":"wp","href":"https:\/\/api.w.org\/{rel}","templated":true}]}}