{"id":6767,"date":"2025-11-07T11:21:32","date_gmt":"2025-11-07T11:21:32","guid":{"rendered":"https:\/\/rockkofertas.com.es\/index.php\/producto\/b0fdklsmx6\/"},"modified":"2025-11-07T11:21:32","modified_gmt":"2025-11-07T11:21:32","slug":"b0fdklsmx6","status":"publish","type":"product","link":"https:\/\/rockkofertas.com.es\/index.php\/producto\/b0fdklsmx6\/","title":{"rendered":"B0FDKLSMX6"},"content":{"rendered":"<p>&#8211; [Visi\u00f3n HD Clear] Disfruta de im\u00e1genes n\u00edtidas con nuestro protector de pantalla de vidrio templado de alta definici\u00f3n. Perfecto para mejorar tu experiencia de juego.<br \/>\n&#8211; [Dureza 9H] Con una dureza 9H, nuestro protector ofrece la m\u00e1xima protecci\u00f3n contra ara\u00f1azos e impactos, manteniendo tu pantalla segura.<br \/>\n&#8211; [Instalaci\u00f3n Sin Burbujas] Incluye un marco de alineaci\u00f3n preciso y toallitas con alcohol para una aplicaci\u00f3n perfecta y sin burbujas. F\u00e1cil de usar.<br \/>\n&#8211; [Restaura la Sensaci\u00f3n Original] Nuestro protector de pantalla est\u00e1 dise\u00f1ado para mantener la sensaci\u00f3n t\u00e1ctil original de la pantalla, garantizando una experiencia de juego natural y con respuesta r\u00e1pida.<br \/>\n&#8211; [Valor en Paquete de 4] Consigue cuatro protectores de pantalla de vidrio templado de alta calidad para una protecci\u00f3n duradera. Ideal para usuarios de nintendo switch 2 que buscan durabilidad.<\/p>\n","protected":false},"excerpt":{"rendered":"<p>HEYSTOP Protector de Pantalla para Nintendo Switch 2 [Paquete de 4] Protector de Pantalla de Vidrio Templado para Nintendo Switch 2 Modelo 2025, Dureza 9H, Antiara\u00f1azos, HD Claro, F\u00e1cil Instalaci\u00f3n<br \/>#Publicidad <span class=\"read-more\"><a class=\"more-link btn btn-transparent\" href=\"https:\/\/rockkofertas.com.es\/index.php\/producto\/b0fdklsmx6\/\">Leer m\u00e1s&#8230;<\/a><\/span><\/p>\n","protected":false},"featured_media":6766,"comment_status":"open","ping_status":"closed","template":"","meta":[],"product_cat":[15],"product_tag":[],"class_list":{"0":"post-6767","1":"product","2":"type-product","3":"status-publish","4":"has-post-thumbnail","6":"product_cat-sin-categorizar","8":"first","9":"instock","10":"shipping-taxable","11":"product-type-external"},"_links":{"self":[{"href":"https:\/\/rockkofertas.com.es\/index.php\/wp-json\/wp\/v2\/product\/6767","targetHints":{"allow":["GET"]}}],"collection":[{"href":"https:\/\/rockkofertas.com.es\/index.php\/wp-json\/wp\/v2\/product"}],"about":[{"href":"https:\/\/rockkofertas.com.es\/index.php\/wp-json\/wp\/v2\/types\/product"}],"replies":[{"embeddable":true,"href":"https:\/\/rockkofertas.com.es\/index.php\/wp-json\/wp\/v2\/comments?post=6767"}],"wp:featuredmedia":[{"embeddable":true,"href":"https:\/\/rockkofertas.com.es\/index.php\/wp-json\/wp\/v2\/media\/6766"}],"wp:attachment":[{"href":"https:\/\/rockkofertas.com.es\/index.php\/wp-json\/wp\/v2\/media?parent=6767"}],"wp:term":[{"taxonomy":"product_cat","embeddable":true,"href":"https:\/\/rockkofertas.com.es\/index.php\/wp-json\/wp\/v2\/product_cat?post=6767"},{"taxonomy":"product_tag","embeddable":true,"href":"https:\/\/rockkofertas.com.es\/index.php\/wp-json\/wp\/v2\/product_tag?post=6767"}],"curies":[{"name":"wp","href":"https:\/\/api.w.org\/{rel}","templated":true}]}}