{"id":320,"date":"2025-01-12T08:00:44","date_gmt":"2025-01-12T08:00:44","guid":{"rendered":"https:\/\/rockkofertas.com.es\/index.php\/producto\/b0bs1fmh8h\/"},"modified":"2025-01-12T08:00:44","modified_gmt":"2025-01-12T08:00:44","slug":"b0bs1fmh8h","status":"publish","type":"product","link":"https:\/\/rockkofertas.com.es\/index.php\/producto\/b0bs1fmh8h\/","title":{"rendered":"B0BS1FMH8H"},"content":{"rendered":"<p>&#8211; Lleva en tu mu\u00f1eca las bolitas esmaltadas de colores con la Pulsera Dots Colors Enamel. Una explosi\u00f3n de color que tiene un solo objetivo: ponerle alegr\u00eda de la buena a cualquier look.<br \/>\n&#8211; Fabricada en PLATA DE LEY BA\u00d1ADA EN ORO 18KT. Es un material noble ideal para las amantes de la joyer\u00eda de calidad, sus caracter\u00edsticas se encuentran entre las mejores del mercado, destaca por su brillo y resistencia. Acabada con un ba\u00f1o de oro de 18kt, eso significa que de cada 24 partes de la aleaci\u00f3n 18 son oro y el resto se compone de otros metales utilizados para a\u00f1adir estabilidad, dureza y un brillo inigualable.<br \/>\n&#8211; 16cm + 3cm de alargador. Bolitas esmaltadas de 2,5mm. Pueden variar ligeramente de tama\u00f1o.Destaca por sus detalles en ESMALTE. El esmalte es una capa de vidrio fundido que una vez calentado, se fusionar\u00e1 con la superficie del metal proporcionando un acabado profesional con el color y efecto elegidos.<br \/>\n&#8211; CUIDADOS : Para que todas tus joyas est\u00e9n relucientes como el primer d\u00eda, es importante que las limpies de manera regular. Para ello, utiliza un pa\u00f1o suave para devolverles su brillo. Frota la pieza suavemente con el pa\u00f1o y posteriormente enjuaga tu pieza con agua tibia. Adem\u00e1s, te recomendamos que las mantengas alejadas del calor del sol, del agua, o que entren en contacto con productos qu\u00edmicos como cosm\u00e9ticos para el cabello, perfumes o colonias.<br \/>\n&#8211; \u00a1Se incluir\u00e1 \u00fanicamente un estuche en el pedido! Nuestro estuche es genial para poder guardar tus joyas tanto en casa, como cuando te vayas de viaje, util\u00edzalo como tu mini joyero personal.<\/p>\n","protected":false},"excerpt":{"rendered":"<p>SINGULARU &#8211; Pulsera Dots Colors Enamel &#8211; Pulsera Bolitas Esmaltadas de Colores en Plata de Ley 925 con Ba\u00f1o de Oro 18 Kt &#8211; Largo de cadena 18.5 cm &#8211; Joyas para Mujer<br \/>\n#Publicidad <span class=\"read-more\"><a class=\"more-link btn btn-transparent\" href=\"https:\/\/rockkofertas.com.es\/index.php\/producto\/b0bs1fmh8h\/\">Leer m\u00e1s&#8230;<\/a><\/span><\/p>\n","protected":false},"featured_media":319,"comment_status":"open","ping_status":"closed","template":"","meta":[],"product_cat":[15],"product_tag":[],"class_list":{"0":"post-320","1":"product","2":"type-product","3":"status-publish","4":"has-post-thumbnail","6":"product_cat-sin-categorizar","8":"first","9":"instock","10":"shipping-taxable","11":"product-type-external"},"_links":{"self":[{"href":"https:\/\/rockkofertas.com.es\/index.php\/wp-json\/wp\/v2\/product\/320","targetHints":{"allow":["GET"]}}],"collection":[{"href":"https:\/\/rockkofertas.com.es\/index.php\/wp-json\/wp\/v2\/product"}],"about":[{"href":"https:\/\/rockkofertas.com.es\/index.php\/wp-json\/wp\/v2\/types\/product"}],"replies":[{"embeddable":true,"href":"https:\/\/rockkofertas.com.es\/index.php\/wp-json\/wp\/v2\/comments?post=320"}],"wp:featuredmedia":[{"embeddable":true,"href":"https:\/\/rockkofertas.com.es\/index.php\/wp-json\/wp\/v2\/media\/319"}],"wp:attachment":[{"href":"https:\/\/rockkofertas.com.es\/index.php\/wp-json\/wp\/v2\/media?parent=320"}],"wp:term":[{"taxonomy":"product_cat","embeddable":true,"href":"https:\/\/rockkofertas.com.es\/index.php\/wp-json\/wp\/v2\/product_cat?post=320"},{"taxonomy":"product_tag","embeddable":true,"href":"https:\/\/rockkofertas.com.es\/index.php\/wp-json\/wp\/v2\/product_tag?post=320"}],"curies":[{"name":"wp","href":"https:\/\/api.w.org\/{rel}","templated":true}]}}