{"id":196,"date":"2025-01-01T00:00:40","date_gmt":"2025-01-01T00:00:40","guid":{"rendered":"https:\/\/rockkofertas.com.es\/index.php\/producto\/b08hsjy2jt\/"},"modified":"2025-01-01T00:00:40","modified_gmt":"2025-01-01T00:00:40","slug":"b08hsjy2jt","status":"publish","type":"product","link":"https:\/\/rockkofertas.com.es\/index.php\/producto\/b08hsjy2jt\/","title":{"rendered":"B08HSJY2JT"},"content":{"rendered":"<p>&#8211; Cafetera negro y gris Piccolo XS para c\u00e1psulas Nescaf\u00e9 Dolce Gusto, caf\u00e9 cremoso gracias al sistema de alta presi\u00f3n de las m\u00e1quinas de hasta 15 bares capaz de hacer caf\u00e9 profesional caliente desde la primera taza gracias a su sistema Thermoblock<br \/>\n&#8211; Cafetera manual de f\u00e1cil manejo que te permite preparar caf\u00e9s, t\u00e9 o chocolates prepar\u00e1ndolos 100% a tu gusto con su palanca de temperatura fr\u00eda o caliente. Dep\u00f3sito de 0,8 L de capacidad<br \/>\n&#8211; Tan f\u00e1cil como insertar una c\u00e1psula, mover la palanca en funci\u00f3n de si quieres una bebida fr\u00eda o caliente y cuando tengas la cantidad deseada despl\u00e1zala al centro. Despu\u00e9s de 1 minuto se parar\u00e1 autom\u00e1ticamente al finalizar<br \/>\n&#8211; Piccolo XS es una cafetera de c\u00e1psulas manual, peque\u00f1a y que se adapta a cualquier cocina. Prepara caf\u00e9, t\u00e9 o chocolate. Bandeja regulable a 2 alturas para todo tipo de bebidas y utilizar diversos tama\u00f1os de tazas o vasos para disfrutar de tu bebida<br \/>\n&#8211; M\u00e1s de 30 variedades de caf\u00e9 Nescaf\u00e9 Dolce Gusto para escoger: desde el car\u00e1cter del Espresso Intenso al cuerpo de un Lungo, hasta la cremosidad de un Cappuccino o los chocolates y el t\u00e9 m\u00e1s arom\u00e1tico. Disfruta de una calidad profesional<br \/>\n&#8211; Kit de Bienvenida: Cup\u00f3n de 10 euros de descuento por registrar tu cafetera y un talonario de cupones descuento para canjear con tus variedades favoritas de c\u00e1psulas Dolce Gusto. Cada c\u00e1psula ajusta autom\u00e1ticamente la presi\u00f3n en funci\u00f3n la bebida<br \/>\n&#8211; La cafetera de c\u00e1psulas autom\u00e1tica Piccolo XS de Krups Nescaf\u00e9 Dolce Gusto tiene un dise\u00f1o compacto y unas medidas de 14 ancho x 27 alto x 28 largo cm<\/p>\n","protected":false},"excerpt":{"rendered":"<p>Krups Nescaf\u00e9 Dolce Gusto Piccolo XS &#8211; Cafetera c\u00e1psulas de 15 bares de presi\u00f3n y 1500 W potencia, dep\u00f3sito de 0.8 L, monodosis multibebidas fr\u00edas y calientes, manual, compacta, negro y gris<br \/>\n#Publicidad <span class=\"read-more\"><a class=\"more-link btn btn-transparent\" href=\"https:\/\/rockkofertas.com.es\/index.php\/producto\/b08hsjy2jt\/\">Leer m\u00e1s&#8230;<\/a><\/span><\/p>\n","protected":false},"featured_media":195,"comment_status":"open","ping_status":"closed","template":"","meta":[],"product_cat":[15],"product_tag":[],"class_list":{"0":"post-196","1":"product","2":"type-product","3":"status-publish","4":"has-post-thumbnail","6":"product_cat-sin-categorizar","8":"first","9":"instock","10":"shipping-taxable","11":"product-type-external"},"_links":{"self":[{"href":"https:\/\/rockkofertas.com.es\/index.php\/wp-json\/wp\/v2\/product\/196","targetHints":{"allow":["GET"]}}],"collection":[{"href":"https:\/\/rockkofertas.com.es\/index.php\/wp-json\/wp\/v2\/product"}],"about":[{"href":"https:\/\/rockkofertas.com.es\/index.php\/wp-json\/wp\/v2\/types\/product"}],"replies":[{"embeddable":true,"href":"https:\/\/rockkofertas.com.es\/index.php\/wp-json\/wp\/v2\/comments?post=196"}],"wp:featuredmedia":[{"embeddable":true,"href":"https:\/\/rockkofertas.com.es\/index.php\/wp-json\/wp\/v2\/media\/195"}],"wp:attachment":[{"href":"https:\/\/rockkofertas.com.es\/index.php\/wp-json\/wp\/v2\/media?parent=196"}],"wp:term":[{"taxonomy":"product_cat","embeddable":true,"href":"https:\/\/rockkofertas.com.es\/index.php\/wp-json\/wp\/v2\/product_cat?post=196"},{"taxonomy":"product_tag","embeddable":true,"href":"https:\/\/rockkofertas.com.es\/index.php\/wp-json\/wp\/v2\/product_tag?post=196"}],"curies":[{"name":"wp","href":"https:\/\/api.w.org\/{rel}","templated":true}]}}