{"id":128,"date":"2024-12-27T00:00:39","date_gmt":"2024-12-27T00:00:39","guid":{"rendered":"https:\/\/rockkofertas.com.es\/index.php\/producto\/b07xlml2ys\/"},"modified":"2024-12-27T00:00:39","modified_gmt":"2024-12-27T00:00:39","slug":"b07xlml2ys","status":"publish","type":"product","link":"https:\/\/rockkofertas.com.es\/index.php\/producto\/b07xlml2ys\/","title":{"rendered":"B07XLML2YS"},"content":{"rendered":"<p>&#8211; *ATENCI\u00d3N, por favor, actualiza el firmware m\u00e1s reciente en la aplicaci\u00f3n Tapo para disfrutar de las nuevas funciones: seguimiento de movimiento, detecci\u00f3n de llanto de beb\u00e9, y capacidad de la tarjeta MicroSD hasta 512GB.<br \/>\n&#8211; \u3010FHD 1080P &amp; Pan\/Tilt 360\u00b0\u3011La c\u00e1mara de seguridad WiFi captura cada detalle con alta definici\u00f3n 1080P. Movimiento horizontal hasta 360\u00b0 y movimiento vertical hasta 114\u00b0, para una mayor cobertura y capturar cada momento. (La c\u00e1mara wifi solo admite Wi-Fi de 2,4 GHz)<br \/>\n&#8211; \u3010Detecci\u00f3n de Movimiento, Seguimiento Inteligente y Alarma\u3011Recibe notificaciones instant\u00e1neas de la aplicaci\u00f3n Tapo cuando se detecte movimiento, rastrea y sigue al sujeto para mantenerlo a la vista. Activa la alarma de luz y sonido para ahuyentar a los visitantes no deseados.<br \/>\n&#8211; \u3010Visi\u00f3n Nocturna Avanzada y Detecci\u00f3n de Llanto de Beb\u00e9\u3011Dotada con visi\u00f3n nocturna avanzada (distancia visual de hasta 9 metros) y detecci\u00f3n de llanto de beb\u00e9, la c\u00e1mara Tapo refuerza el cuidado de tus hijos las 24 horas del d\u00eda.<br \/>\n&#8211; \u3010Audio bidireccional\u3011Comun\u00edcate de forma remota y crea una conversaci\u00f3n clara y fluida con tu beb\u00e9 o mascota a trav\u00e9s del micr\u00f3fono y el altavoz incorporados.<br \/>\n&#8211; \u3010Almacenamiento Seguro y Flexible\u3011Guarda hasta 512 GB de forma local en una tarjeta microSD (no incluida) o en la nube (prueba gratuita de 30 d\u00edas con historial de clips de video de 30 d\u00edas) para acceder a tus grabaciones en cualquier momento.<br \/>\n&#8211; \u3010Modo Privacidad\u3011Puedes habilitar el modo privacidad, que cierra f\u00edsicamente la lente de la c\u00e1mara para mejorar la seguridad de tu privacidad.<br \/>\n&#8211; \u3010Almacenamiento NAS\u3011La c\u00e1mara Tapo es compatible con el est\u00e1ndar ONVIF (Perfil S), as\u00ed como el protocolo RTSP, por lo que puede funcionar con dispositivos NVR o NAS de terceros. TAPO C200 es compatible con Synology NAS.<\/p>\n","protected":false},"excerpt":{"rendered":"<p>TP-Link TAPO C200 &#8211; C\u00e1mara IP WiFi 360\u00b0 C\u00e1mara de Vigilancia FHD 1080p,Visi\u00f3n nocturna, Notificaciones en tiempo real, Admite tarjeta SD,Detecci\u00f3n de movimiento,Control Remoto,Compatible con Alexa<br \/>\n#Publicidad <span class=\"read-more\"><a class=\"more-link btn btn-transparent\" href=\"https:\/\/rockkofertas.com.es\/index.php\/producto\/b07xlml2ys\/\">Leer m\u00e1s&#8230;<\/a><\/span><\/p>\n","protected":false},"featured_media":127,"comment_status":"open","ping_status":"closed","template":"","meta":[],"product_cat":[15],"product_tag":[],"class_list":{"0":"post-128","1":"product","2":"type-product","3":"status-publish","4":"has-post-thumbnail","6":"product_cat-sin-categorizar","8":"first","9":"instock","10":"shipping-taxable","11":"product-type-external"},"_links":{"self":[{"href":"https:\/\/rockkofertas.com.es\/index.php\/wp-json\/wp\/v2\/product\/128","targetHints":{"allow":["GET"]}}],"collection":[{"href":"https:\/\/rockkofertas.com.es\/index.php\/wp-json\/wp\/v2\/product"}],"about":[{"href":"https:\/\/rockkofertas.com.es\/index.php\/wp-json\/wp\/v2\/types\/product"}],"replies":[{"embeddable":true,"href":"https:\/\/rockkofertas.com.es\/index.php\/wp-json\/wp\/v2\/comments?post=128"}],"wp:featuredmedia":[{"embeddable":true,"href":"https:\/\/rockkofertas.com.es\/index.php\/wp-json\/wp\/v2\/media\/127"}],"wp:attachment":[{"href":"https:\/\/rockkofertas.com.es\/index.php\/wp-json\/wp\/v2\/media?parent=128"}],"wp:term":[{"taxonomy":"product_cat","embeddable":true,"href":"https:\/\/rockkofertas.com.es\/index.php\/wp-json\/wp\/v2\/product_cat?post=128"},{"taxonomy":"product_tag","embeddable":true,"href":"https:\/\/rockkofertas.com.es\/index.php\/wp-json\/wp\/v2\/product_tag?post=128"}],"curies":[{"name":"wp","href":"https:\/\/api.w.org\/{rel}","templated":true}]}}