{"id":112,"date":"2024-12-26T00:00:46","date_gmt":"2024-12-26T00:00:46","guid":{"rendered":"https:\/\/rockkofertas.com.es\/index.php\/producto\/b00chhdy66\/"},"modified":"2024-12-26T00:00:46","modified_gmt":"2024-12-26T00:00:46","slug":"b00chhdy66","status":"publish","type":"product","link":"https:\/\/rockkofertas.com.es\/index.php\/producto\/b00chhdy66\/","title":{"rendered":"B00CHHDY66"},"content":{"rendered":"<p>&#8211; Plug &amp; Play Fiable: el receptor USB proporciona una conexi\u00f3n inal\u00e1mbrica fiable con un alcance de hasta 10 m, pr\u00e1cticamente sin retrasos, ca\u00eddas o interferencias<br \/>\n&#8211; Escribe con Comodidad: escritura c\u00f3moda gracias a las teclas silenciosas de bajo perfil y a la disposici\u00f3n est\u00e1ndar con teclas F de tama\u00f1o completo, teclado num\u00e9rico y teclas de flecha<br \/>\n&#8211; Duradero y Resistente: este teclado inal\u00e1mbrico de tama\u00f1o completo cuenta con un dise\u00f1o resistente a derrames (2), teclas duraderas y robustas patas basculantes con altura ajustable<br \/>\n&#8211; Larga Duraci\u00f3n: duraci\u00f3n de las pilas del teclado de 36 meses y del rat\u00f3n de 12 meses (3), junto con interruptores de encendido y apagado que permiten pasar meses sin cambiar las pilas<br \/>\n&#8211; F\u00e1cil de Usar: cuenta con 8 teclas de acceso r\u00e1pido multimedia para acceder Internet, al correo, a la reproducci\u00f3n\/pausa y al volumen, para que consultes f\u00e1cilmente tus sitios favoritos<br \/>\n&#8211; Rat\u00f3n C\u00f3modo: rat\u00f3n inal\u00e1mbrico para ser igual de c\u00f3modo para los usuarios zurdos y diestros. Su suave control del cursor permite una f\u00e1cil navegaci\u00f3n en la mayor\u00eda de las superficies<br \/>\n&#8211; Las piezas de pl\u00e1stico de MK270 incluyen pl\u00e1stico reciclado posconsumo con certificaci\u00f3n: 49% para el rat\u00f3n y 54% para el teclado.<br \/>\n&#8211; Actualiza al Combo Logitech MK540: Experimenta una mayor comodidad con el combo MK540, que cuenta con teclas c\u00f3ncavas, reposamanos, rat\u00f3n de tama\u00f1o completo con agarres de goma suave y atajos personalizables.<\/p>\n","protected":false},"excerpt":{"rendered":"<p>Logitech MK270 Combo Teclado y Rat\u00f3n Inal\u00e1mbrico para Windows, 2,4GHz Inal\u00e1mbrico, Rat\u00f3n Compacto, 8 teclas multimedia y de acceso directo, 2 a\u00f1os de bater\u00eda, PC, PC Port\u00e1til, QWERTY Espa\u00f1ol &#8211; Negro<br \/>\n#Publicidad <span class=\"read-more\"><a class=\"more-link btn btn-transparent\" href=\"https:\/\/rockkofertas.com.es\/index.php\/producto\/b00chhdy66\/\">Leer m\u00e1s&#8230;<\/a><\/span><\/p>\n","protected":false},"featured_media":111,"comment_status":"open","ping_status":"closed","template":"","meta":[],"product_cat":[15],"product_tag":[],"class_list":{"0":"post-112","1":"product","2":"type-product","3":"status-publish","4":"has-post-thumbnail","6":"product_cat-sin-categorizar","8":"first","9":"instock","10":"shipping-taxable","11":"product-type-external"},"_links":{"self":[{"href":"https:\/\/rockkofertas.com.es\/index.php\/wp-json\/wp\/v2\/product\/112","targetHints":{"allow":["GET"]}}],"collection":[{"href":"https:\/\/rockkofertas.com.es\/index.php\/wp-json\/wp\/v2\/product"}],"about":[{"href":"https:\/\/rockkofertas.com.es\/index.php\/wp-json\/wp\/v2\/types\/product"}],"replies":[{"embeddable":true,"href":"https:\/\/rockkofertas.com.es\/index.php\/wp-json\/wp\/v2\/comments?post=112"}],"wp:featuredmedia":[{"embeddable":true,"href":"https:\/\/rockkofertas.com.es\/index.php\/wp-json\/wp\/v2\/media\/111"}],"wp:attachment":[{"href":"https:\/\/rockkofertas.com.es\/index.php\/wp-json\/wp\/v2\/media?parent=112"}],"wp:term":[{"taxonomy":"product_cat","embeddable":true,"href":"https:\/\/rockkofertas.com.es\/index.php\/wp-json\/wp\/v2\/product_cat?post=112"},{"taxonomy":"product_tag","embeddable":true,"href":"https:\/\/rockkofertas.com.es\/index.php\/wp-json\/wp\/v2\/product_tag?post=112"}],"curies":[{"name":"wp","href":"https:\/\/api.w.org\/{rel}","templated":true}]}}