{"id":10364,"date":"2026-04-14T14:30:53","date_gmt":"2026-04-14T14:30:53","guid":{"rendered":"https:\/\/rockkofertas.com.es\/index.php\/producto\/b0fr4pmn57\/"},"modified":"2026-04-14T14:30:53","modified_gmt":"2026-04-14T14:30:53","slug":"b0fr4pmn57","status":"publish","type":"product","link":"https:\/\/rockkofertas.com.es\/index.php\/producto\/b0fr4pmn57\/","title":{"rendered":"B0FR4PMN57"},"content":{"rendered":"<p>&#8211; 1.\u3010Modelo Compatible\u3011Esta pel\u00edcula de protecci\u00f3n de pantalla privada est\u00e1 especialmente dise\u00f1ada para Google Pixel 10 Pro XL 5G. Protege tu tel\u00e9fono contra todo tipo de ara\u00f1azos y golpes. Por favor, verifica el modelo de tu tel\u00e9fono antes de comprar. (Nota: Se admite el desbloqueo con huella digital. Restablezca la huella digital despu\u00e9s de ingresarla).<br \/>\n&#8211; 2.\u3010Protecci\u00f3n de Privacidad\u3011El protector de pantalla adopta tecnolog\u00eda de privacidad l\u00edder en la industria, que es m\u00e1s segura y protege mejor su privacidad. Este protector de pantalla puede lograr una excelente protecci\u00f3n de la privacidad en \u00e1ngulos extremadamente peque\u00f1os. Ya sea que est\u00e9 en un autob\u00fas, ascensor, metro u otros lugares p\u00fablicos, las personas que est\u00e1n a su lado no pueden ver claramente lo que se muestra en su tel\u00e9fono desde un costado.<br \/>\n&#8211; 3.\u3010Dureza 9H\u3011El protector de pantalla y el protector de lente de la c\u00e1mara est\u00e1n hechos de vidrio templado de alta calidad con una dureza de hasta 9H. El dise\u00f1o de borde reforzado garantiza que las esquinas de la pantalla est\u00e9n bien protegidas, sean inastillables y a prueba de rayones, protecci\u00f3n de 360 grados de su tel\u00e9fono contra rayones causados por llaves y otros objetos afilados, d\u00e1ndole a su tel\u00e9fono inteligente una apariencia completamente nueva.<br \/>\n&#8211; 4.\u3010Soporte de Huellas Dactilares\u3011El protector de pantalla utiliza una nueva tecnolog\u00eda de sensor que no afecta la funci\u00f3n de reconocimiento de huellas dactilares del dispositivo, lo que le permite desbloquear su dispositivo de forma r\u00e1pida y segura. (Nota: La pantalla se atenuar\u00e1 despu\u00e9s de instalar la pel\u00edcula de privacidad. Aumente manualmente el brillo de la pantalla de su dispositivo para disfrutar de una mejor experiencia de visualizaci\u00f3n).<br \/>\n&#8211; 5.\u3010F\u00e1cil de Instalar\u3011Gracias a la \u00faltima tecnolog\u00eda innovadora, la pel\u00edcula de protecci\u00f3n de pantalla se adhiere f\u00e1cilmente solo con alinearla correctamente. Incluso si tienes poca experiencia en la aplicaci\u00f3n de pel\u00edculas protectoras, tambi\u00e9n puedes colocar una pel\u00edcula perfecta sin dificultad. Si surgen alg\u00fan problema de calidad, por favor cont\u00e1ctanos \u2014nosotros te brindaremos una soluci\u00f3n perfecta.<\/p>\n","protected":false},"excerpt":{"rendered":"<p>HinZann Protector de Pantalla Privacidad para Google Pixel 10 Pro XL 5G, [2+2 Piezas] Anti-Esp\u00eda Cristal Templado + Protector de Lente C\u00e1mara, 9H Dureza, Pel\u00edcula de Privacidad para Pixel 10 Pro XL 5G<br \/>#Publicidad <span class=\"read-more\"><a class=\"more-link btn btn-transparent\" href=\"https:\/\/rockkofertas.com.es\/index.php\/producto\/b0fr4pmn57\/\">Leer m\u00e1s&#8230;<\/a><\/span><\/p>\n","protected":false},"featured_media":10363,"comment_status":"open","ping_status":"closed","template":"","meta":[],"product_cat":[15],"product_tag":[],"class_list":{"0":"post-10364","1":"product","2":"type-product","3":"status-publish","4":"has-post-thumbnail","6":"product_cat-sin-categorizar","8":"first","9":"instock","10":"shipping-taxable","11":"product-type-external"},"_links":{"self":[{"href":"https:\/\/rockkofertas.com.es\/index.php\/wp-json\/wp\/v2\/product\/10364","targetHints":{"allow":["GET"]}}],"collection":[{"href":"https:\/\/rockkofertas.com.es\/index.php\/wp-json\/wp\/v2\/product"}],"about":[{"href":"https:\/\/rockkofertas.com.es\/index.php\/wp-json\/wp\/v2\/types\/product"}],"replies":[{"embeddable":true,"href":"https:\/\/rockkofertas.com.es\/index.php\/wp-json\/wp\/v2\/comments?post=10364"}],"wp:featuredmedia":[{"embeddable":true,"href":"https:\/\/rockkofertas.com.es\/index.php\/wp-json\/wp\/v2\/media\/10363"}],"wp:attachment":[{"href":"https:\/\/rockkofertas.com.es\/index.php\/wp-json\/wp\/v2\/media?parent=10364"}],"wp:term":[{"taxonomy":"product_cat","embeddable":true,"href":"https:\/\/rockkofertas.com.es\/index.php\/wp-json\/wp\/v2\/product_cat?post=10364"},{"taxonomy":"product_tag","embeddable":true,"href":"https:\/\/rockkofertas.com.es\/index.php\/wp-json\/wp\/v2\/product_tag?post=10364"}],"curies":[{"name":"wp","href":"https:\/\/api.w.org\/{rel}","templated":true}]}}