{"id":10054,"date":"2026-03-28T21:27:26","date_gmt":"2026-03-28T21:27:26","guid":{"rendered":"https:\/\/rockkofertas.com.es\/index.php\/producto\/b0gjtgq3ff-2\/"},"modified":"2026-03-28T21:27:26","modified_gmt":"2026-03-28T21:27:26","slug":"b0gjtgq3ff-2","status":"publish","type":"product","link":"https:\/\/rockkofertas.com.es\/index.php\/producto\/b0gjtgq3ff-2\/","title":{"rendered":"B0GJTGQ3FF"},"content":{"rendered":"<p>&#8211; 1\ufe0f\u20e3 MATERIAL PREMIUM \u2013 DURABILIDAD ASEGURADA Pulsera personalizada hombre fabricada en acero inoxidable de alta calidad, es resistente al agua. Compra tu pulsera de tela personalizada perfecta para uso diario, mantiene su brillo y elegancia con el paso del tiempo. Ideal para quienes buscan una pulsera de hombre resistente y elegante.<br \/>\n&#8211; 2\ufe0f\u20e3 CIERRE SEGURO Y AJUSTABLE Incorpora un cierre de alta seguridad que garantiza una sujeci\u00f3n firme sin riesgo de p\u00e9rdida. Adem\u00e1s, su dise\u00f1o es ajustable (17-22 cm)<br \/>\n&#8211; 3\ufe0f\u20e3 PERSONALIZACI\u00d3N \u00daNICA Graba tu mensaje personalizado ideal para nombres, fechas o frases significativas. La personalizaci\u00f3n se realiza con grabado l\u00e1ser profesional sobre acero, asegurando un resultado duradero y de alta definici\u00f3n.<br \/>\n&#8211; 4\ufe0f\u20e3 DISE\u00d1O CON LA BANDERA DE ESPA\u00d1A \u2013 ESTILO Y ORGULLO El dise\u00f1o incorpora los colores de la bandera espa\u00f1ola, s\u00edmbolo de identidad y orgullo nacional. Ideal como pulsera patri\u00f3tica para celebraciones o como accesorio diario lleno de significado.<br \/>\n&#8211; 5\ufe0f\u20e3 REGALO PERFECTO \u2013 PRESENTACI\u00d3N ELEGANTE EN CAJA Incluye caja de regalo premium, lista para sorprender en cualquier ocasi\u00f3n: cumplea\u00f1os, aniversarios, Navidad o D\u00eda del Padre. Una elecci\u00f3n ideal para quienes buscan un regalo personalizado para hombre o pareja.<\/p>\n","protected":false},"excerpt":{"rendered":"<p>RIQUEZA Y ARTE Pulsera hombre personalizada con la bandera de espa\u00f1a de acero inoxidable &#8211; Regalo personalizado para hombre. Pulsera ajustable con un acabado profesional (17-22cm) (PLATEADA)<br \/>#Publicidad <span class=\"read-more\"><a class=\"more-link btn btn-transparent\" href=\"https:\/\/rockkofertas.com.es\/index.php\/producto\/b0gjtgq3ff-2\/\">Leer m\u00e1s&#8230;<\/a><\/span><\/p>\n","protected":false},"featured_media":10053,"comment_status":"open","ping_status":"closed","template":"","meta":[],"product_cat":[15],"product_tag":[],"class_list":{"0":"post-10054","1":"product","2":"type-product","3":"status-publish","4":"has-post-thumbnail","6":"product_cat-sin-categorizar","8":"first","9":"instock","10":"shipping-taxable","11":"product-type-external"},"_links":{"self":[{"href":"https:\/\/rockkofertas.com.es\/index.php\/wp-json\/wp\/v2\/product\/10054","targetHints":{"allow":["GET"]}}],"collection":[{"href":"https:\/\/rockkofertas.com.es\/index.php\/wp-json\/wp\/v2\/product"}],"about":[{"href":"https:\/\/rockkofertas.com.es\/index.php\/wp-json\/wp\/v2\/types\/product"}],"replies":[{"embeddable":true,"href":"https:\/\/rockkofertas.com.es\/index.php\/wp-json\/wp\/v2\/comments?post=10054"}],"wp:featuredmedia":[{"embeddable":true,"href":"https:\/\/rockkofertas.com.es\/index.php\/wp-json\/wp\/v2\/media\/10053"}],"wp:attachment":[{"href":"https:\/\/rockkofertas.com.es\/index.php\/wp-json\/wp\/v2\/media?parent=10054"}],"wp:term":[{"taxonomy":"product_cat","embeddable":true,"href":"https:\/\/rockkofertas.com.es\/index.php\/wp-json\/wp\/v2\/product_cat?post=10054"},{"taxonomy":"product_tag","embeddable":true,"href":"https:\/\/rockkofertas.com.es\/index.php\/wp-json\/wp\/v2\/product_tag?post=10054"}],"curies":[{"name":"wp","href":"https:\/\/api.w.org\/{rel}","templated":true}]}}